CRAN Package Check Results for Package cmprsk

Last updated on 2022-05-18 15:48:59 CEST.

Flavor Version Tinstall Tcheck Ttotal Status Flags
r-devel-linux-x86_64-debian-clang 2.2-11 11.47 78.10 89.57 OK
r-devel-linux-x86_64-debian-gcc 2.2-11 8.78 59.97 68.75 OK
r-devel-linux-x86_64-fedora-clang 2.2-11 106.42 NOTE
r-devel-linux-x86_64-fedora-gcc 2.2-11 102.69 NOTE
r-devel-windows-x86_64 2.2-11 21.00 91.00 112.00 OK
r-patched-linux-x86_64 2.2-11 8.66 75.20 83.86 OK
r-release-linux-x86_64 2.2-11 9.40 74.15 83.55 OK
r-release-macos-arm64 2.2-11 34.00 OK
r-release-macos-x86_64 2.2-11 46.00 OK
r-release-windows-x86_64 2.2-11 19.00 94.00 113.00 OK
r-oldrel-macos-arm64 2.2-11 32.00 OK
r-oldrel-macos-x86_64 2.2-11 51.00 OK
r-oldrel-windows-ix86+x86_64 2.2-11 24.00 111.00 135.00 OK

Check Details

Version: 2.2-11
Check: compiled code
Result: NOTE
    File ‘cmprsk/libs/cmprsk.so’:
     Found no calls to: ‘R_registerRoutines’, ‘R_useDynamicSymbols’
    
    It is good practice to register native routines and to disable symbol
    search.
    
    See ‘Writing portable packages’ in the ‘Writing R Extensions’ manual.
Flavors: r-devel-linux-x86_64-fedora-clang, r-devel-linux-x86_64-fedora-gcc