CRAN Package Check Results for Package cmR

Last updated on 2023-01-26 15:53:06 CET.

Flavor Version Tinstall Tcheck Ttotal Status Flags
r-devel-linux-x86_64-debian-clang 1.0.3 11.81 119.36 131.17 NOTE
r-devel-linux-x86_64-debian-gcc 1.0.3 11.23 87.52 98.75 NOTE
r-devel-linux-x86_64-fedora-clang 1.0.3 161.45 NOTE
r-devel-linux-x86_64-fedora-gcc 1.0.3 171.48 NOTE
r-devel-windows-x86_64 1.0.3 24.00 130.00 154.00 NOTE
r-patched-linux-x86_64 1.0.3 13.15 110.97 124.12 OK
r-release-linux-x86_64 1.0.3 9.03 116.82 125.85 OK
r-release-macos-arm64 1.0.3 46.00 OK
r-release-macos-x86_64 1.0.3 108.00 OK
r-release-windows-x86_64 1.0.3 18.00 136.00 154.00 OK
r-oldrel-macos-arm64 1.0.3 57.00 OK
r-oldrel-macos-x86_64 1.0.3 61.00 OK
r-oldrel-windows-ix86+x86_64 1.0.3 31.00 130.00 161.00 OK

Check Details

Version: 1.0.3
Check: package subdirectories
Result: NOTE
    Problems with news in ‘NEWS.md’:
    No news entries found.
Flavors: r-devel-linux-x86_64-debian-clang, r-devel-linux-x86_64-debian-gcc, r-devel-linux-x86_64-fedora-clang, r-devel-linux-x86_64-fedora-gcc, r-devel-windows-x86_64