CRAN Package Check Results for Package clustvarsel

Last updated on 2022-07-03 15:52:29 CEST.

Flavor Version Tinstall Tcheck Ttotal Status Flags
r-devel-linux-x86_64-debian-clang 2.3.4 10.02 94.67 104.69 NOTE
r-devel-linux-x86_64-debian-gcc 2.3.4 9.38 71.40 80.78 NOTE
r-devel-linux-x86_64-fedora-clang 2.3.4 135.66 NOTE
r-devel-linux-x86_64-fedora-gcc 2.3.4 134.22 NOTE
r-devel-windows-x86_64 2.3.4 17.00 126.00 143.00 NOTE --no-vignettes
r-patched-linux-x86_64 2.3.4 13.86 91.17 105.03 NOTE
r-release-linux-x86_64 2.3.4 6.98 91.37 98.35 NOTE
r-release-macos-arm64 2.3.4 36.00 NOTE
r-release-macos-x86_64 2.3.4 54.00 NOTE
r-release-windows-x86_64 2.3.4 18.00 129.00 147.00 NOTE --no-vignettes
r-oldrel-macos-arm64 2.3.4 45.00 NOTE
r-oldrel-macos-x86_64 2.3.4 75.00 NOTE
r-oldrel-windows-ix86+x86_64 2.3.4 22.00 117.00 139.00 NOTE --no-vignettes

Check Details

Version: 2.3.4
Check: LazyData
Result: NOTE
     'LazyData' is specified without a 'data' directory
Flavors: r-devel-linux-x86_64-debian-clang, r-devel-linux-x86_64-debian-gcc, r-devel-linux-x86_64-fedora-clang, r-devel-linux-x86_64-fedora-gcc, r-patched-linux-x86_64, r-release-linux-x86_64, r-release-macos-arm64, r-release-macos-x86_64, r-oldrel-macos-arm64, r-oldrel-macos-x86_64

Version: 2.3.4
Flags: --no-vignettes
Check: LazyData
Result: NOTE
     'LazyData' is specified without a 'data' directory
Flavors: r-devel-windows-x86_64, r-release-windows-x86_64, r-oldrel-windows-ix86+x86_64