CRAN Package Check Results for Package clustree

Last updated on 2020-09-28 03:47:39 CEST.

Flavor Version Tinstall Tcheck Ttotal Status Flags
r-devel-linux-x86_64-debian-clang 0.4.3 8.45 165.07 173.52 OK
r-devel-linux-x86_64-debian-gcc 0.4.3 7.00 122.18 129.18 OK
r-devel-linux-x86_64-fedora-clang 0.4.3 226.54 OK
r-devel-linux-x86_64-fedora-gcc 0.4.3 223.26 OK
r-devel-windows-ix86+x86_64 0.4.3 21.00 204.00 225.00 OK
r-patched-linux-x86_64 0.4.3 6.18 154.35 160.53 OK
r-patched-solaris-x86 0.4.3 273.20 OK
r-release-linux-x86_64 0.4.3 5.88 154.14 160.02 OK
r-release-macos-x86_64 0.4.3 OK
r-release-windows-ix86+x86_64 0.4.3 20.00 203.00 223.00 OK
r-oldrel-macos-x86_64 0.4.3 NOTE
r-oldrel-windows-ix86+x86_64 0.4.3 17.00 205.00 222.00 OK

Check Details

Version: 0.4.3
Check: package dependencies
Result: NOTE
    Package suggested but not available for checking: ‘SingleCellExperiment’
Flavor: r-oldrel-macos-x86_64