CRAN Package Check Results for Package cluster

Last updated on 2022-11-28 02:55:31 CET.

Flavor Version Tinstall Tcheck Ttotal Status Flags
r-devel-linux-x86_64-debian-clang 2.1.4 10.38 146.23 156.61 OK
r-devel-linux-x86_64-debian-gcc 2.1.4 7.47 102.30 109.77 OK
r-devel-linux-x86_64-fedora-clang 2.1.4 212.08 NOTE
r-devel-linux-x86_64-fedora-gcc 2.1.4 217.94 OK
r-devel-windows-x86_64 2.1.4 56.00 187.00 243.00 OK
r-patched-linux-x86_64 2.1.4 12.88 134.97 147.85 OK
r-release-linux-x86_64 2.1.4 10.57 132.99 143.56 OK
r-release-macos-arm64 2.1.4 57.00 OK
r-release-macos-x86_64 2.1.4 108.00 OK
r-release-windows-x86_64 2.1.4 73.00 188.00 261.00 OK
r-oldrel-macos-arm64 2.1.4 56.00 OK
r-oldrel-macos-x86_64 2.1.4 109.00 OK
r-oldrel-windows-ix86+x86_64 2.1.4 31.00 270.00 301.00 OK

Check Details

Version: 2.1.4
Check: Rd cross-references
Result: NOTE
    Undeclared packages ‘mvoutlier’, ‘fpc’, ‘ellipse’, ‘sfsmisc’ in Rd xrefs
Flavor: r-devel-linux-x86_64-fedora-clang