CRAN Package Check Results for Package clue

Last updated on 2022-11-28 14:51:58 CET.

Flavor Version Tinstall Tcheck Ttotal Status Flags
r-devel-linux-x86_64-debian-clang 0.3-63 10.72 86.15 96.87 OK
r-devel-linux-x86_64-debian-gcc 0.3-63 8.06 64.52 72.58 OK
r-devel-linux-x86_64-fedora-clang 0.3-63 133.43 NOTE
r-devel-linux-x86_64-fedora-gcc 0.3-63 139.95 OK
r-devel-windows-x86_64 0.3-63 53.00 143.00 196.00 OK
r-patched-linux-x86_64 0.3-63 12.41 79.31 91.72 OK
r-release-linux-x86_64 0.3-63 11.66 77.85 89.51 OK
r-release-macos-arm64 0.3-63 51.00 OK
r-release-macos-x86_64 0.3-63 73.00 OK
r-release-windows-x86_64 0.3-62 63.00 152.00 215.00 OK
r-oldrel-macos-arm64 0.3-63 52.00 OK
r-oldrel-macos-x86_64 0.3-63 77.00 OK
r-oldrel-windows-ix86+x86_64 0.3-63 23.00 133.00 156.00 OK

Check Details

Version: 0.3-63
Check: Rd cross-references
Result: NOTE
    Undeclared packages ‘mlbench’, ‘fpc’ in Rd xrefs
Flavor: r-devel-linux-x86_64-fedora-clang