CRAN Package Check Results for Package clue

Last updated on 2020-11-30 03:47:37 CET.

Flavor Version Tinstall Tcheck Ttotal Status Flags
r-devel-linux-x86_64-debian-clang 0.3-57 12.98 75.61 88.59 OK
r-devel-linux-x86_64-debian-gcc 0.3-57 8.36 57.16 65.52 OK
r-devel-linux-x86_64-fedora-clang 0.3-57 107.68 NOTE
r-devel-linux-x86_64-fedora-gcc 0.3-57 101.00 OK
r-devel-windows-ix86+x86_64 0.3-57 21.00 119.00 140.00 OK
r-patched-linux-x86_64 0.3-57 13.02 71.53 84.55 OK
r-patched-solaris-x86 0.3-57 133.50 NOTE
r-release-linux-x86_64 0.3-57 13.13 71.65 84.78 OK
r-release-macos-x86_64 0.3-57 OK
r-release-windows-ix86+x86_64 0.3-57 23.00 94.00 117.00 OK
r-oldrel-macos-x86_64 0.3-57 OK
r-oldrel-windows-ix86+x86_64 0.3-57 19.00 114.00 133.00 OK

Check Details

Version: 0.3-57
Check: Rd cross-references
Result: NOTE
    Undeclared packages ‘mlbench’, ‘fpc’ in Rd xrefs
Flavor: r-devel-linux-x86_64-fedora-clang

Version: 0.3-57
Check: package dependencies
Result: NOTE
    Package which this enhances but not available for checking: ‘RWeka’
Flavor: r-patched-solaris-x86