CRAN Package Check Results for Package clogitLasso

Last updated on 2022-12-08 15:53:23 CET.

Flavor Version Tinstall Tcheck Ttotal Status Flags
r-devel-linux-x86_64-debian-clang 1.1 3.38 24.60 27.98 NOTE
r-devel-linux-x86_64-debian-gcc 1.1 2.27 22.07 24.34 NOTE
r-devel-linux-x86_64-fedora-clang 1.1 45.82 NOTE
r-devel-linux-x86_64-fedora-gcc 1.1 44.19 NOTE
r-devel-windows-x86_64 1.1 13.00 60.00 73.00 NOTE
r-patched-linux-x86_64 1.1 2.97 23.32 26.29 OK
r-release-linux-x86_64 1.1 2.89 23.73 26.62 OK
r-release-macos-arm64 1.1 16.00 OK
r-release-macos-x86_64 1.1 21.00 OK
r-release-windows-x86_64 1.1 22.00 50.00 72.00 OK
r-oldrel-macos-arm64 1.1 17.00 OK
r-oldrel-macos-x86_64 1.1 27.00 OK
r-oldrel-windows-ix86+x86_64 1.1 6.00 46.00 52.00 OK

Check Details

Version: 1.1
Check: package subdirectories
Result: NOTE
    Problems with news in 'NEWS.md':
    No news entries found.
Flavors: r-devel-linux-x86_64-debian-clang, r-devel-linux-x86_64-debian-gcc, r-devel-linux-x86_64-fedora-clang, r-devel-linux-x86_64-fedora-gcc, r-devel-windows-x86_64