CRAN Package Check Results for Package cliapp

Last updated on 2020-09-23 16:38:37 CEST.

Flavor Version Tinstall Tcheck Ttotal Status Flags
r-devel-linux-x86_64-debian-clang 0.1.0 5.29 95.91 101.20 OK
r-devel-linux-x86_64-debian-gcc 0.1.0 4.59 50.36 54.95 ERROR
r-devel-linux-x86_64-fedora-clang 0.1.0 97.07 ERROR
r-devel-linux-x86_64-fedora-gcc 0.1.0 83.05 ERROR
r-devel-windows-ix86+x86_64 0.1.0 11.00 122.00 133.00 OK
r-patched-linux-x86_64 0.1.0 5.11 119.12 124.23 OK
r-patched-solaris-x86 0.1.0 119.80 ERROR
r-release-linux-x86_64 0.1.0 5.72 120.48 126.20 OK
r-release-macos-x86_64 0.1.0 OK
r-release-windows-ix86+x86_64 0.1.0 27.00 135.00 162.00 OK
r-oldrel-macos-x86_64 0.1.0 OK
r-oldrel-windows-ix86+x86_64 0.1.0 6.00 92.00 98.00 OK

Check Details

Version: 0.1.0
Check: examples
Result: ERROR
    Running examples in ‘cliapp-Ex.R’ failed
    The error most likely occurred in:
    
    > base::assign(".ptime", proc.time(), pos = "CheckExEnv")
    > ### Name: cli_alert
    > ### Title: CLI alerts
    > ### Aliases: cli_alert cli_alert_success cli_alert_danger cli_alert_warning
    > ### cli_alert_info
    >
    > ### ** Examples
    >
    >
    > cli_alert("Cannot lock package library.")
    → Cannot lock package library.
    Error in match(x, table, nomatch = 0L) :
     'match' requires vector arguments
    Calls: cli_alert ... cli_server_default -> cli_server_default_safe -> <Anonymous>
    Execution halted
Flavor: r-devel-linux-x86_64-debian-gcc

Version: 0.1.0
Check: tests
Result: ERROR
     Running ‘testthat.R’ [22s/32s]
    Running the tests in ‘tests/testthat.R’ failed.
    Complete output:
     > library(testthat)
     > library(cliapp)
     >
     > ## Run the tests in fancy mode and non-fancy mode as well
     > ## Also, run them in latin1 encoding as well, this is for Unix,
     > ## because Windows encoding names are different.
     >
     > withr::with_options(
     + list(cli.unicode = FALSE),
     + test_check("cliapp")
     + )
     -- 1. Error: events are properly generated (@test-subprocess.R#25) ------------
     'match' requires vector arguments
     Backtrace:
     1. base::withCallingHandlers(rs$run(do), cliapp_message = handler)
     2. rs$run(do)
     3. callr:::rs_run(self, private, func, args)
     4. callr:::rs_run_with_output(self, private, func, args)
     9. callr:::rs__handle_condition(msg$message)
     13. callr:::default_handler(cond)
     14. cliapp:::val(x)
     15. cliapp:::cli_server_default(msg)
     16. cliapp:::cli_server_default_safe(msg)
    
     -- 2. Error: subprocess with default handler (@test-subprocess.R#53) ----------
     callr subprocess failed: 'match' requires vector arguments
     Backtrace:
     1. withr::with_options(...)
     3. rs$run(do)
     4. callr:::rs_run(self, private, func, args)
     5. throw(res$error)
    
     -- 3. Failure: output in child process (@test-subprocess.R#117) ---------------
     result$result not identical to "foobar".
     target is NULL, current is character
    
     -- 4. Failure: output in child process (@test-subprocess.R#118) ---------------
     result$error is not null.
    
     -- 5. Error: user's override --------------------------------------------------
     'match' requires vector arguments
     Backtrace:
    
     == testthat results ===========================================================
     [ OK: 114 | SKIPPED: 0 | WARNINGS: 0 | FAILED: 5 ]
     1. Error: events are properly generated (@test-subprocess.R#25)
     2. Error: subprocess with default handler (@test-subprocess.R#53)
     3. Failure: output in child process (@test-subprocess.R#117)
     4. Failure: output in child process (@test-subprocess.R#118)
     5. Error: user's override
    
     Error: testthat unit tests failed
     Execution halted
Flavor: r-devel-linux-x86_64-debian-gcc

Version: 0.1.0
Check: examples
Result: ERROR
    Running examples in ‘cliapp-Ex.R’ failed
    The error most likely occurred in:
    
    > ### Name: cli_alert
    > ### Title: CLI alerts
    > ### Aliases: cli_alert cli_alert_success cli_alert_danger cli_alert_warning
    > ### cli_alert_info
    >
    > ### ** Examples
    >
    >
    > cli_alert("Cannot lock package library.")
    → Cannot lock package library.
    Error in match(x, table, nomatch = 0L) :
     'match' requires vector arguments
    Calls: cli_alert ... cli_server_default -> cli_server_default_safe -> <Anonymous>
    Execution halted
Flavors: r-devel-linux-x86_64-fedora-clang, r-devel-linux-x86_64-fedora-gcc, r-patched-solaris-x86

Version: 0.1.0
Check: tests
Result: ERROR
     Running ‘testthat.R’ [35s/71s]
    Running the tests in ‘tests/testthat.R’ failed.
    Complete output:
     > library(testthat)
     > library(cliapp)
     >
     > ## Run the tests in fancy mode and non-fancy mode as well
     > ## Also, run them in latin1 encoding as well, this is for Unix,
     > ## because Windows encoding names are different.
     >
     > withr::with_options(
     + list(cli.unicode = FALSE),
     + test_check("cliapp")
     + )
     -- 1. Error: events are properly generated (@test-subprocess.R#25) ------------
     'match' requires vector arguments
     Backtrace:
     1. base::withCallingHandlers(rs$run(do), cliapp_message = handler)
     2. rs$run(do)
     3. callr:::rs_run(self, private, func, args)
     4. callr:::rs_run_with_output(self, private, func, args)
     9. callr:::rs__handle_condition(msg$message)
     13. callr:::default_handler(cond)
     14. cliapp:::val(x)
     15. cliapp:::cli_server_default(msg)
     16. cliapp:::cli_server_default_safe(msg)
    
     -- 2. Error: subprocess with default handler (@test-subprocess.R#53) ----------
     callr subprocess failed: 'match' requires vector arguments
     Backtrace:
     1. withr::with_options(...)
     3. rs$run(do)
     4. callr:::rs_run(self, private, func, args)
     5. throw(res$error)
    
     -- 3. Failure: output in child process (@test-subprocess.R#117) ---------------
     result$result not identical to "foobar".
     target is NULL, current is character
    
     -- 4. Failure: output in child process (@test-subprocess.R#118) ---------------
     result$error is not null.
    
     -- 5. Error: user's override --------------------------------------------------
     'match' requires vector arguments
     Backtrace:
    
     == testthat results ===========================================================
     [ OK: 114 | SKIPPED: 0 | WARNINGS: 0 | FAILED: 5 ]
     1. Error: events are properly generated (@test-subprocess.R#25)
     2. Error: subprocess with default handler (@test-subprocess.R#53)
     3. Failure: output in child process (@test-subprocess.R#117)
     4. Failure: output in child process (@test-subprocess.R#118)
     5. Error: user's override
    
     Error: testthat unit tests failed
     Execution halted
Flavor: r-devel-linux-x86_64-fedora-clang

Version: 0.1.0
Check: tests
Result: ERROR
     Running ‘testthat.R’ [34s/45s]
    Running the tests in ‘tests/testthat.R’ failed.
    Complete output:
     > library(testthat)
     > library(cliapp)
     >
     > ## Run the tests in fancy mode and non-fancy mode as well
     > ## Also, run them in latin1 encoding as well, this is for Unix,
     > ## because Windows encoding names are different.
     >
     > withr::with_options(
     + list(cli.unicode = FALSE),
     + test_check("cliapp")
     + )
     -- 1. Error: events are properly generated (@test-subprocess.R#25) ------------
     'match' requires vector arguments
     Backtrace:
     1. base::withCallingHandlers(rs$run(do), cliapp_message = handler)
     2. rs$run(do)
     3. callr:::rs_run(self, private, func, args)
     4. callr:::rs_run_with_output(self, private, func, args)
     9. callr:::rs__handle_condition(msg$message)
     13. callr:::default_handler(cond)
     14. cliapp:::val(x)
     15. cliapp:::cli_server_default(msg)
     16. cliapp:::cli_server_default_safe(msg)
    
     -- 2. Error: subprocess with default handler (@test-subprocess.R#53) ----------
     callr subprocess failed: 'match' requires vector arguments
     Backtrace:
     1. withr::with_options(...)
     3. rs$run(do)
     4. callr:::rs_run(self, private, func, args)
     5. throw(res$error)
    
     -- 3. Failure: output in child process (@test-subprocess.R#117) ---------------
     result$result not identical to "foobar".
     target is NULL, current is character
    
     -- 4. Failure: output in child process (@test-subprocess.R#118) ---------------
     result$error is not null.
    
     -- 5. Error: user's override --------------------------------------------------
     'match' requires vector arguments
     Backtrace:
    
     == testthat results ===========================================================
     [ OK: 114 | SKIPPED: 0 | WARNINGS: 0 | FAILED: 5 ]
     1. Error: events are properly generated (@test-subprocess.R#25)
     2. Error: subprocess with default handler (@test-subprocess.R#53)
     3. Failure: output in child process (@test-subprocess.R#117)
     4. Failure: output in child process (@test-subprocess.R#118)
     5. Error: user's override
    
     Error: testthat unit tests failed
     Execution halted
Flavor: r-devel-linux-x86_64-fedora-gcc

Version: 0.1.0
Check: tests
Result: ERROR
     Running ‘testthat.R’ [42s/57s]
    Running the tests in ‘tests/testthat.R’ failed.
    Complete output:
     > library(testthat)
     > library(cliapp)
     >
     > ## Run the tests in fancy mode and non-fancy mode as well
     > ## Also, run them in latin1 encoding as well, this is for Unix,
     > ## because Windows encoding names are different.
     >
     > withr::with_options(
     + list(cli.unicode = FALSE),
     + test_check("cliapp")
     + )
     -- 1. Error: events are properly generated (@test-subprocess.R#25) ------------
     'match' requires vector arguments
     Backtrace:
     1. base::withCallingHandlers(rs$run(do), cliapp_message = handler)
     2. rs$run(do)
     3. callr:::rs_run(self, private, func, args)
     4. callr:::rs_run_with_output(self, private, func, args)
     9. callr:::rs__handle_condition(msg$message)
     13. callr:::default_handler(cond)
     14. cliapp:::val(x)
     15. cliapp:::cli_server_default(msg)
     16. cliapp:::cli_server_default_safe(msg)
    
     -- 2. Error: subprocess with default handler (@test-subprocess.R#53) ----------
     callr subprocess failed: 'match' requires vector arguments
     Backtrace:
     1. withr::with_options(...)
     3. rs$run(do)
     4. callr:::rs_run(self, private, func, args)
     5. throw(res$error)
    
     -- 3. Failure: output in child process (@test-subprocess.R#117) ---------------
     result$result not identical to "foobar".
     target is NULL, current is character
    
     -- 4. Failure: output in child process (@test-subprocess.R#118) ---------------
     result$error is not null.
    
     -- 5. Error: user's override --------------------------------------------------
     'match' requires vector arguments
     Backtrace:
    
     == testthat results ===========================================================
     [ OK: 114 | SKIPPED: 0 | WARNINGS: 0 | FAILED: 5 ]
     1. Error: events are properly generated (@test-subprocess.R#25)
     2. Error: subprocess with default handler (@test-subprocess.R#53)
     3. Failure: output in child process (@test-subprocess.R#117)
     4. Failure: output in child process (@test-subprocess.R#118)
     5. Error: user's override
    
     Error: testthat unit tests failed
     Execution halted
Flavor: r-patched-solaris-x86