CRAN Package Check Results for Package clevr

Last updated on 2022-10-01 15:52:49 CEST.

Flavor Version Tinstall Tcheck Ttotal Status Flags
r-devel-linux-x86_64-debian-clang 0.1.1 32.85 77.37 110.22 NOTE
r-devel-linux-x86_64-debian-gcc 0.1.1 20.64 59.65 80.29 NOTE
r-devel-linux-x86_64-fedora-clang 0.1.1 155.75 NOTE
r-devel-linux-x86_64-fedora-gcc 0.1.1 140.73 NOTE
r-devel-windows-x86_64 0.1.1 39.00 127.00 166.00 NOTE
r-patched-linux-x86_64 0.1.1 28.16 74.35 102.51 NOTE
r-release-linux-x86_64 0.1.1 26.78 75.44 102.22 NOTE
r-release-macos-arm64 0.1.1 36.00 NOTE
r-release-macos-x86_64 0.1.1 53.00 NOTE
r-release-windows-x86_64 0.1.1 79.00 116.00 195.00 NOTE
r-oldrel-macos-arm64 0.1.1 44.00 NOTE
r-oldrel-macos-x86_64 0.1.1 86.00 NOTE
r-oldrel-windows-ix86+x86_64 0.1.1 72.00 153.00 225.00 NOTE

Check Details

Version: 0.1.1
Check: LazyData
Result: NOTE
     'LazyData' is specified without a 'data' directory
Flavors: r-devel-linux-x86_64-debian-clang, r-devel-linux-x86_64-debian-gcc, r-devel-linux-x86_64-fedora-clang, r-devel-linux-x86_64-fedora-gcc, r-devel-windows-x86_64, r-patched-linux-x86_64, r-release-linux-x86_64, r-release-macos-arm64, r-release-macos-x86_64, r-release-windows-x86_64, r-oldrel-macos-arm64, r-oldrel-macos-x86_64, r-oldrel-windows-ix86+x86_64