CRAN Package Check Results for Package clespr

Last updated on 2022-06-30 03:53:19 CEST.

Flavor Version Tinstall Tcheck Ttotal Status Flags
r-devel-linux-x86_64-debian-clang 1.1.2 10.17 79.12 89.29 NOTE
r-devel-linux-x86_64-debian-gcc 1.1.2 6.74 60.42 67.16 NOTE
r-devel-linux-x86_64-fedora-clang 1.1.2 117.03 NOTE
r-devel-linux-x86_64-fedora-gcc 1.1.2 117.65 NOTE
r-devel-windows-x86_64 1.1.2 19.00 100.00 119.00 NOTE
r-patched-linux-x86_64 1.1.2 9.03 77.44 86.47 NOTE
r-release-linux-x86_64 1.1.2 8.96 77.67 86.63 NOTE
r-release-macos-arm64 1.1.2 36.00 NOTE
r-release-macos-x86_64 1.1.2 58.00 NOTE
r-release-windows-x86_64 1.1.2 14.00 98.00 112.00 NOTE
r-oldrel-macos-arm64 1.1.2 53.00 NOTE
r-oldrel-macos-x86_64 1.1.2 72.00 NOTE
r-oldrel-windows-ix86+x86_64 1.1.2 22.00 99.00 121.00 NOTE

Check Details

Version: 1.1.2
Check: LazyData
Result: NOTE
     'LazyData' is specified without a 'data' directory
Flavors: r-devel-linux-x86_64-debian-clang, r-devel-linux-x86_64-debian-gcc, r-devel-linux-x86_64-fedora-clang, r-devel-linux-x86_64-fedora-gcc, r-devel-windows-x86_64, r-patched-linux-x86_64, r-release-linux-x86_64, r-release-macos-arm64, r-release-macos-x86_64, r-release-windows-x86_64, r-oldrel-macos-arm64, r-oldrel-macos-x86_64, r-oldrel-windows-ix86+x86_64