CRAN Package Check Results for Package cleanerR

Last updated on 2020-11-28 03:52:32 CET.

Flavor Version Tinstall Tcheck Ttotal Status Flags
r-devel-linux-x86_64-debian-clang 0.1.1 4.11 95.12 99.23 NOTE
r-devel-linux-x86_64-debian-gcc 0.1.1 3.17 66.18 69.35 NOTE
r-devel-linux-x86_64-fedora-clang 0.1.1 117.90 OK
r-devel-linux-x86_64-fedora-gcc 0.1.1 109.94 OK
r-devel-windows-ix86+x86_64 0.1.1 7.00 110.00 117.00 NOTE
r-patched-linux-x86_64 0.1.1 3.97 88.78 92.75 NOTE
r-patched-solaris-x86 0.1.1 129.00 OK
r-release-linux-x86_64 0.1.1 3.89 87.95 91.84 NOTE
r-release-macos-x86_64 0.1.1 OK
r-release-windows-ix86+x86_64 0.1.1 12.00 89.00 101.00 NOTE
r-oldrel-macos-x86_64 0.1.1 OK
r-oldrel-windows-ix86+x86_64 0.1.1 6.00 119.00 125.00 OK

Check Details

Version: 0.1.1
Check: package vignettes
Result: NOTE
    Package vignette with placeholder title 'Vignette Title':
     'my-vignette.Rmd'
Flavors: r-devel-linux-x86_64-debian-clang, r-devel-linux-x86_64-debian-gcc, r-devel-windows-ix86+x86_64, r-patched-linux-x86_64, r-release-linux-x86_64, r-release-windows-ix86+x86_64