Last updated on 2022-06-25 03:50:54 CEST.
Flavor | Version | Tinstall | Tcheck | Ttotal | Status | Flags |
---|---|---|---|---|---|---|
r-devel-linux-x86_64-debian-clang | 1.2.0 | 15.02 | 602.21 | 617.23 | OK | |
r-devel-linux-x86_64-debian-gcc | 1.2.0 | 9.58 | 482.57 | 492.15 | OK | |
r-devel-linux-x86_64-fedora-clang | 1.2.0 | 757.03 | NOTE | |||
r-devel-linux-x86_64-fedora-gcc | 1.2.0 | 794.39 | NOTE | |||
r-devel-windows-x86_64 | 1.2.0 | 39.00 | 700.00 | 739.00 | OK | |
r-patched-linux-x86_64 | 1.2.0 | 12.73 | 606.13 | 618.86 | OK | |
r-release-linux-x86_64 | 1.2.0 | 11.19 | 610.58 | 621.77 | OK | |
r-release-macos-arm64 | 1.2.0 | 313.00 | NOTE | |||
r-release-macos-x86_64 | 1.2.0 | 519.00 | NOTE | |||
r-release-windows-x86_64 | 1.2.0 | 56.00 | 705.00 | 761.00 | OK | |
r-oldrel-macos-arm64 | 1.2.0 | 322.00 | NOTE | |||
r-oldrel-macos-x86_64 | 1.2.0 | 426.00 | NOTE | |||
r-oldrel-windows-ix86+x86_64 | 1.2.0 | 30.00 | 171.00 | 201.00 | OK |
Version: 1.2.0
Check: data for non-ASCII characters
Result: NOTE
Note: found 9 marked UTF-8 strings
Flavors: r-devel-linux-x86_64-fedora-clang, r-devel-linux-x86_64-fedora-gcc, r-release-macos-arm64, r-release-macos-x86_64, r-oldrel-macos-arm64, r-oldrel-macos-x86_64