CRAN Package Check Results for Package cito

Last updated on 2024-06-13 15:48:16 CEST.

Flavor Version Tinstall Tcheck Ttotal Status Flags
r-devel-linux-x86_64-debian-clang 1.1 13.33 105.18 118.51 OK
r-devel-linux-x86_64-debian-gcc 1.1 0.85 1.87 2.72 ERROR
r-devel-linux-x86_64-fedora-clang 1.1 152.14 OK
r-devel-linux-x86_64-fedora-gcc 1.1 156.47 OK
r-devel-windows-x86_64 1.1 12.00 96.00 108.00 OK
r-patched-linux-x86_64 1.1 13.51 102.09 115.60 OK
r-release-linux-x86_64 1.1 9.25 100.72 109.97 OK
r-release-macos-arm64 1.1 63.00 OK
r-release-macos-x86_64 1.1 76.00 OK
r-release-windows-x86_64 1.1 12.00 99.00 111.00 OK
r-oldrel-macos-arm64 1.1 57.00 OK
r-oldrel-macos-x86_64 1.1 138.00 OK
r-oldrel-windows-x86_64 1.1 17.00 116.00 133.00 OK

Check Details

Version: 1.1
Check: package dependencies
Result: ERROR Packages required but not available: 'parabar', 'progress', 'tibble', 'lme4' Packages suggested but not available for checking: 'testthat', 'plotly', 'ggraph', 'igraph', 'ggplot2' See section ‘The DESCRIPTION file’ in the ‘Writing R Extensions’ manual. Flavor: r-devel-linux-x86_64-debian-gcc