Last updated on 2022-06-25 03:50:54 CEST.
Flavor | Version | Tinstall | Tcheck | Ttotal | Status | Flags |
---|---|---|---|---|---|---|
r-devel-linux-x86_64-debian-clang | 0.9.0 | 19.16 | 102.81 | 121.97 | OK | |
r-devel-linux-x86_64-debian-gcc | 0.9.0 | 16.86 | 75.70 | 92.56 | OK | |
r-devel-linux-x86_64-fedora-clang | 0.9.0 | 156.63 | NOTE | |||
r-devel-linux-x86_64-fedora-gcc | 0.9.0 | 156.85 | OK | |||
r-devel-windows-x86_64 | 0.9.0 | 146.00 | 119.00 | 265.00 | NOTE | |
r-patched-linux-x86_64 | 0.9.0 | 26.14 | 98.22 | 124.36 | OK | |
r-release-linux-x86_64 | 0.9.0 | 19.67 | 96.70 | 116.37 | OK | |
r-release-macos-arm64 | 0.9.0 | 42.00 | NOTE | |||
r-release-macos-x86_64 | 0.9.0 | 59.00 | NOTE | |||
r-release-windows-x86_64 | 0.9.0 | 175.00 | 127.00 | 302.00 | NOTE | |
r-oldrel-macos-arm64 | 0.9.0 | 45.00 | NOTE | |||
r-oldrel-macos-x86_64 | 0.9.0 | 58.00 | NOTE | |||
r-oldrel-windows-ix86+x86_64 | 0.9.0 | 42.00 | 116.00 | 158.00 | NOTE |
Version: 0.9.0
Check: installed package size
Result: NOTE
installed size is 6.5Mb
sub-directories of 1Mb or more:
R 1.7Mb
extdata 4.3Mb
Flavors: r-devel-linux-x86_64-fedora-clang, r-devel-windows-x86_64, r-release-macos-arm64, r-release-macos-x86_64, r-release-windows-x86_64, r-oldrel-macos-arm64, r-oldrel-macos-x86_64, r-oldrel-windows-ix86+x86_64