CRAN Package Check Results for Package cif

Last updated on 2024-06-20 03:51:30 CEST.

Flavor Version Tinstall Tcheck Ttotal Status Flags
r-devel-linux-x86_64-debian-clang 0.1.1 5.76 45.87 51.63 NOTE
r-devel-linux-x86_64-debian-gcc 0.1.1 4.70 34.20 38.90 NOTE
r-devel-linux-x86_64-fedora-clang 0.1.1 63.97 NOTE
r-devel-linux-x86_64-fedora-gcc 0.1.1 62.57 NOTE
r-devel-windows-x86_64 0.1.1 5.00 55.00 60.00 NOTE
r-patched-linux-x86_64 0.1.1 5.74 44.96 50.70 NOTE
r-release-linux-x86_64 0.1.1 4.92 44.43 49.35 NOTE
r-release-macos-arm64 0.1.1 22.00 NOTE
r-release-macos-x86_64 0.1.1 33.00 NOTE
r-release-windows-x86_64 0.1.1 6.00 55.00 61.00 NOTE
r-oldrel-macos-arm64 0.1.1 25.00 OK
r-oldrel-macos-x86_64 0.1.1 31.00 OK
r-oldrel-windows-x86_64 0.1.1 7.00 61.00 68.00 OK

Check Details

Version: 0.1.1
Check: Rd files
Result: NOTE checkRd: (-1) ec.datalag.Rd:5: Lost braces; missing escapes or markup? 5 | \title{prepares Dy y_1 Dy_1 ... Dy_{nlag-1} for estimation} | ^ checkRd: (-1) ec.datalag.Rd:15: Lost braces 15 | ymat contains the folloiwing columns {Dy y_1 Dy_1 ... Dy_{nlag-1}} | ^ checkRd: (-1) ec.datalag.Rd:15: Lost braces; missing escapes or markup? 15 | ymat contains the folloiwing columns {Dy y_1 Dy_1 ... Dy_{nlag-1}} | ^ checkRd: (-1) lagn.Rd:21: Lost braces; missing escapes or markup? 21 | REM: alternative to "lead-lag" {dplyr} which applies to vector y | ^ Flavors: r-devel-linux-x86_64-debian-clang, r-devel-linux-x86_64-debian-gcc, r-devel-linux-x86_64-fedora-clang, r-devel-linux-x86_64-fedora-gcc, r-devel-windows-x86_64, r-patched-linux-x86_64, r-release-linux-x86_64, r-release-macos-arm64, r-release-macos-x86_64, r-release-windows-x86_64