Last updated on 2022-07-03 15:52:28 CEST.
Flavor | Version | Tinstall | Tcheck | Ttotal | Status | Flags |
---|---|---|---|---|---|---|
r-devel-linux-x86_64-debian-clang | 0.6.1 | 15.00 | 324.14 | 339.14 | NOTE | |
r-devel-linux-x86_64-debian-gcc | 0.6.1 | 11.07 | 238.08 | 249.15 | NOTE | |
r-devel-linux-x86_64-fedora-clang | 0.6.1 | 380.60 | NOTE | |||
r-devel-linux-x86_64-fedora-gcc | 0.6.1 | 400.04 | NOTE | |||
r-devel-windows-x86_64 | 0.6.1 | 20.00 | 400.00 | 420.00 | NOTE | |
r-patched-linux-x86_64 | 0.6.1 | 11.58 | 298.14 | 309.72 | NOTE | |
r-release-linux-x86_64 | 0.6.1 | 15.01 | 297.84 | 312.85 | NOTE | |
r-release-macos-arm64 | 0.6.1 | 130.00 | NOTE | |||
r-release-macos-x86_64 | 0.6.1 | 233.00 | NOTE | |||
r-release-windows-x86_64 | 0.6.1 | 118.00 | 392.00 | 510.00 | NOTE | |
r-oldrel-macos-arm64 | 0.6.1 | 175.00 | NOTE | |||
r-oldrel-macos-x86_64 | 0.6.1 | 275.00 | NOTE | |||
r-oldrel-windows-ix86+x86_64 | 0.6.1 | 31.00 | 341.00 | 372.00 | NOTE |
Version: 0.6.1
Check: LazyData
Result: NOTE
'LazyData' is specified without a 'data' directory
Flavors: r-devel-linux-x86_64-debian-clang, r-devel-linux-x86_64-debian-gcc, r-devel-linux-x86_64-fedora-clang, r-devel-linux-x86_64-fedora-gcc, r-devel-windows-x86_64, r-patched-linux-x86_64, r-release-linux-x86_64, r-release-macos-arm64, r-release-macos-x86_64, r-release-windows-x86_64, r-oldrel-macos-arm64, r-oldrel-macos-x86_64, r-oldrel-windows-ix86+x86_64