Last updated on 2023-01-30 15:56:03 CET.
Flavor | Version | Tinstall | Tcheck | Ttotal | Status | Flags |
---|---|---|---|---|---|---|
r-devel-linux-x86_64-debian-clang | 0.3 | 5.47 | 73.00 | 78.47 | OK | |
r-devel-linux-x86_64-debian-gcc | 0.3 | 3.88 | 53.08 | 56.96 | OK | |
r-devel-linux-x86_64-fedora-clang | 0.3 | 98.24 | NOTE | |||
r-devel-linux-x86_64-fedora-gcc | 0.3 | 112.91 | NOTE | |||
r-devel-windows-x86_64 | 0.3 | 31.00 | 125.00 | 156.00 | OK | |
r-patched-linux-x86_64 | 0.3 | 5.27 | 67.17 | 72.44 | OK | |
r-release-linux-x86_64 | 0.3 | 5.77 | 65.99 | 71.76 | OK | |
r-release-macos-arm64 | 0.3 | 32.00 | NOTE | |||
r-release-macos-x86_64 | 0.3 | 51.00 | NOTE | |||
r-release-windows-x86_64 | 0.3 | 22.00 | 114.00 | 136.00 | OK | |
r-oldrel-macos-arm64 | 0.3 | 32.00 | NOTE | |||
r-oldrel-macos-x86_64 | 0.3 | 51.00 | NOTE | |||
r-oldrel-windows-ix86+x86_64 | 0.3 | 14.00 | 106.00 | 120.00 | OK |
Version: 0.3
Check: dependencies in R code
Result: NOTE
Namespaces in Imports field not imported from:
‘DT’ ‘dplyr’ ‘prettydoc’ ‘rmdformats’ ‘skimr’
All declared Imports should be used.
Flavors: r-devel-linux-x86_64-fedora-clang, r-devel-linux-x86_64-fedora-gcc, r-release-macos-arm64, r-release-macos-x86_64, r-oldrel-macos-arm64, r-oldrel-macos-x86_64