CRAN Package Check Results for Package chronicle

Last updated on 2024-06-19 16:52:48 CEST.

Flavor Version Tinstall Tcheck Ttotal Status Flags
r-devel-linux-x86_64-debian-clang 0.3 6.57 71.83 78.40 OK
r-devel-linux-x86_64-debian-gcc 0.3 4.04 54.08 58.12 OK
r-devel-linux-x86_64-fedora-clang 0.3 100.09 NOTE
r-devel-linux-x86_64-fedora-gcc 0.3 107.96 NOTE
r-devel-windows-x86_64 0.3 7.00 80.00 87.00 OK
r-patched-linux-x86_64 0.3 7.12 71.56 78.68 OK
r-release-linux-x86_64 0.3 6.56 70.96 77.52 OK
r-release-macos-arm64 0.3 42.00 OK
r-release-macos-x86_64 0.3 55.00 OK
r-release-windows-x86_64 0.3 9.00 79.00 88.00 OK
r-oldrel-macos-arm64 0.3 37.00 OK
r-oldrel-macos-x86_64 0.3 50.00 OK
r-oldrel-windows-x86_64 0.3 9.00 91.00 100.00 OK

Check Details

Version: 0.3
Check: dependencies in R code
Result: NOTE Namespaces in Imports field not imported from: ‘DT’ ‘dplyr’ ‘prettydoc’ ‘rmdformats’ ‘skimr’ All declared Imports should be used. Flavors: r-devel-linux-x86_64-fedora-clang, r-devel-linux-x86_64-fedora-gcc