CRAN Package Check Results for Package choroplethrAdmin1

Last updated on 2020-11-28 03:52:32 CET.

Flavor Version Tinstall Tcheck Ttotal Status Flags
r-devel-linux-x86_64-debian-clang 1.1.1 6.14 45.51 51.65 OK
r-devel-linux-x86_64-debian-gcc 1.1.1 4.91 38.19 43.10 OK
r-devel-linux-x86_64-fedora-clang 1.1.1 66.62 NOTE
r-devel-linux-x86_64-fedora-gcc 1.1.1 56.42 OK
r-devel-windows-ix86+x86_64 1.1.1 11.00 56.00 67.00 NOTE
r-patched-linux-x86_64 1.1.1 5.88 43.61 49.49 OK
r-patched-solaris-x86 1.1.1 92.30 NOTE
r-release-linux-x86_64 1.1.1 6.05 44.99 51.04 OK
r-release-macos-x86_64 1.1.1 NOTE
r-release-windows-ix86+x86_64 1.1.1 10.00 48.00 58.00 NOTE
r-oldrel-macos-x86_64 1.1.1 NOTE
r-oldrel-windows-ix86+x86_64 1.1.1 8.00 60.00 68.00 NOTE

Check Details

Version: 1.1.1
Check: installed package size
Result: NOTE
     installed size is 18.0Mb
     sub-directories of 1Mb or more:
     data 17.9Mb
Flavors: r-devel-linux-x86_64-fedora-clang, r-devel-windows-ix86+x86_64, r-patched-solaris-x86, r-release-macos-x86_64, r-release-windows-ix86+x86_64, r-oldrel-macos-x86_64, r-oldrel-windows-ix86+x86_64