Last updated on 2022-06-25 03:50:54 CEST.
Flavor | Version | Tinstall | Tcheck | Ttotal | Status | Flags |
---|---|---|---|---|---|---|
r-devel-linux-x86_64-debian-clang | 0.7.9 | 17.41 | 216.25 | 233.66 | OK | |
r-devel-linux-x86_64-debian-gcc | 0.7.9 | 15.10 | 155.17 | 170.27 | OK | |
r-devel-linux-x86_64-fedora-clang | 0.7.9 | 275.88 | NOTE | |||
r-devel-linux-x86_64-fedora-gcc | 0.7.9 | 279.00 | NOTE | |||
r-devel-windows-x86_64 | 0.7.9 | 93.00 | 260.00 | 353.00 | OK | |
r-patched-linux-x86_64 | 0.7.9 | 19.25 | 201.30 | 220.55 | OK | |
r-release-linux-x86_64 | 0.7.9 | 15.08 | 203.25 | 218.33 | OK | |
r-release-macos-arm64 | 0.7.9 | 63.00 | NOTE | |||
r-release-macos-x86_64 | 0.7.9 | 132.00 | NOTE | |||
r-release-windows-x86_64 | 0.7.9 | 100.00 | 257.00 | 357.00 | OK | |
r-oldrel-macos-arm64 | 0.7.9 | 82.00 | NOTE | |||
r-oldrel-macos-x86_64 | 0.7.9 | 95.00 | NOTE | |||
r-oldrel-windows-ix86+x86_64 | 0.7.9 | 35.00 | 248.00 | 283.00 | OK |
Version: 0.7.9
Check: dependencies in R code
Result: NOTE
Namespace in Imports field not imported from: ‘raster’
All declared Imports should be used.
Flavors: r-devel-linux-x86_64-fedora-clang, r-devel-linux-x86_64-fedora-gcc, r-release-macos-arm64, r-release-macos-x86_64, r-oldrel-macos-arm64, r-oldrel-macos-x86_64