CRAN Package Check Results for Package chipPCR

Last updated on 2024-07-21 03:55:19 CEST.

Flavor Version Tinstall Tcheck Ttotal Status Flags
r-devel-linux-x86_64-debian-clang 1.0-2 18.51 159.35 177.86 NOTE
r-devel-linux-x86_64-debian-gcc 1.0-2 14.48 116.62 131.10 NOTE
r-devel-linux-x86_64-fedora-clang 1.0-2 239.71 NOTE
r-devel-linux-x86_64-fedora-gcc 1.0-2 238.01 NOTE
r-devel-windows-x86_64 1.0-2 16.00 152.00 168.00 NOTE
r-patched-linux-x86_64 1.0-2 18.50 150.49 168.99 NOTE
r-release-linux-x86_64 1.0-2 19.22 153.55 172.77 NOTE
r-release-macos-arm64 1.0-2 62.00 NOTE
r-release-macos-x86_64 1.0-2 102.00 NOTE
r-release-windows-x86_64 1.0-2 17.00 156.00 173.00 NOTE
r-oldrel-macos-arm64 1.0-2 73.00 OK
r-oldrel-macos-x86_64 1.0-2 124.00 NOTE
r-oldrel-windows-x86_64 1.0-2 21.00 182.00 203.00 OK

Check Details

Version: 1.0-2
Check: Rd files
Result: NOTE checkRd: (-1) C316.amp.Rd:28-32: Lost braces 28 | 40 x { | ^ checkRd: (-1) C317.amp.Rd:28-32: Lost braces 28 | 40 x { | ^ checkRd: (-1) C60.amp.Rd:63-67: Lost braces 63 | 40 x { | ^ Flavors: r-devel-linux-x86_64-debian-clang, r-devel-linux-x86_64-debian-gcc, r-devel-linux-x86_64-fedora-clang, r-devel-linux-x86_64-fedora-gcc, r-devel-windows-x86_64, r-patched-linux-x86_64, r-release-linux-x86_64, r-release-macos-arm64, r-release-macos-x86_64, r-release-windows-x86_64

Version: 1.0-2
Check: package dependencies
Result: NOTE Packages suggested but not available for checking: 'drc', 'qpcR' Flavor: r-oldrel-macos-x86_64

Version: 1.0-2
Check: Rd cross-references
Result: NOTE Package unavailable to check Rd xrefs: ‘qpcR’ Flavor: r-oldrel-macos-x86_64