CRAN Package Check Results for Package chicane

Last updated on 2022-10-04 03:56:37 CEST.

Flavor Version Tinstall Tcheck Ttotal Status Flags
r-devel-linux-x86_64-debian-clang 0.1.8 12.00 618.88 630.88 NOTE
r-devel-linux-x86_64-debian-gcc 0.1.8 10.08 519.79 529.87 NOTE
r-devel-linux-x86_64-fedora-clang 0.1.8 777.79 NOTE
r-devel-linux-x86_64-fedora-gcc 0.1.8 768.28 NOTE
r-devel-windows-x86_64 0.1.8 39.00 719.00 758.00 NOTE
r-patched-linux-x86_64 0.1.8 10.82 583.29 594.11 NOTE
r-release-linux-x86_64 0.1.8 11.21 588.90 600.11 NOTE
r-release-macos-arm64 0.1.8 264.00 NOTE
r-release-macos-x86_64 0.1.8 386.00 NOTE
r-release-windows-x86_64 0.1.8 55.00 748.00 803.00 NOTE
r-oldrel-macos-arm64 0.1.8 282.00 NOTE
r-oldrel-macos-x86_64 0.1.8 265.00 NOTE
r-oldrel-windows-ix86+x86_64 0.1.8 28.00 698.00 726.00 NOTE

Check Details

Version: 0.1.8
Check: package dependencies
Result: NOTE
    Package suggested but not available for checking: 'countreg'
Flavors: r-devel-linux-x86_64-debian-clang, r-devel-linux-x86_64-debian-gcc, r-devel-linux-x86_64-fedora-clang, r-devel-linux-x86_64-fedora-gcc, r-devel-windows-x86_64, r-patched-linux-x86_64, r-release-linux-x86_64, r-release-macos-x86_64, r-release-windows-x86_64, r-oldrel-macos-arm64, r-oldrel-windows-ix86+x86_64

Version: 0.1.8
Check: dependencies in R code
Result: NOTE
    Namespaces in Imports field not imported from:
     'knitr' 'rmarkdown'
     All declared Imports should be used.
Flavors: r-devel-linux-x86_64-fedora-clang, r-devel-linux-x86_64-fedora-gcc, r-release-macos-arm64, r-release-macos-x86_64, r-oldrel-macos-arm64, r-oldrel-macos-x86_64

Version: 0.1.8
Check: package dependencies
Result: NOTE
    Packages suggested but not available for checking:
     'GenomicInteractions', 'GenomicRanges', 'Gviz', 'countreg'
Flavor: r-release-macos-arm64

Version: 0.1.8
Check: package dependencies
Result: NOTE
    Packages suggested but not available for checking:
     'GenomicInteractions', 'countreg'
Flavor: r-oldrel-macos-x86_64