CRAN Package Check Results for Package chemometrics

Last updated on 2020-09-29 03:48:17 CEST.

Flavor Version Tinstall Tcheck Ttotal Status Flags
r-devel-linux-x86_64-debian-clang 1.4.2 7.06 143.43 150.49 NOTE
r-devel-linux-x86_64-debian-gcc 1.4.2 6.33 105.23 111.56 NOTE
r-devel-linux-x86_64-fedora-clang 1.4.2 193.42 NOTE
r-devel-linux-x86_64-fedora-gcc 1.4.2 176.90 NOTE
r-devel-windows-ix86+x86_64 1.4.2 18.00 163.00 181.00 OK
r-patched-linux-x86_64 1.4.2 6.41 138.24 144.65 NOTE
r-patched-solaris-x86 1.4.2 230.10 NOTE
r-release-linux-x86_64 1.4.2 8.52 140.18 148.70 NOTE
r-release-macos-x86_64 1.4.2 OK
r-release-windows-ix86+x86_64 1.4.2 21.00 164.00 185.00 OK
r-oldrel-macos-x86_64 1.4.2 OK
r-oldrel-windows-ix86+x86_64 1.4.2 11.00 170.00 181.00 OK

Check Details

Version: 1.4.2
Check: for non-standard things in the check directory
Result: NOTE
    Found the following files/directories:
     'stepres00.txt'
Flavors: r-devel-linux-x86_64-debian-clang, r-devel-linux-x86_64-debian-gcc, r-devel-linux-x86_64-fedora-clang, r-devel-linux-x86_64-fedora-gcc, r-patched-linux-x86_64, r-patched-solaris-x86, r-release-linux-x86_64