CRAN Package Check Results for Package checkpoint

Last updated on 2022-06-28 03:51:28 CEST.

Flavor Version Tinstall Tcheck Ttotal Status Flags
r-devel-linux-x86_64-debian-clang 1.0.2 2.40 28.43 30.83 NOTE
r-devel-linux-x86_64-debian-gcc 1.0.2 1.57 22.81 24.38 NOTE
r-devel-linux-x86_64-fedora-clang 1.0.2 50.14 NOTE
r-devel-linux-x86_64-fedora-gcc 1.0.2 48.97 NOTE
r-devel-windows-x86_64 1.0.2 18.00 59.00 77.00 OK
r-patched-linux-x86_64 1.0.2 6.35 27.75 34.10 NOTE
r-release-linux-x86_64 1.0.2 2.04 27.98 30.02 NOTE
r-release-macos-arm64 1.0.2 18.00 NOTE
r-release-macos-x86_64 1.0.2 33.00 NOTE
r-release-windows-x86_64 1.0.2 20.00 59.00 79.00 OK
r-oldrel-macos-arm64 1.0.2 15.00 NOTE
r-oldrel-macos-x86_64 1.0.2 23.00 NOTE
r-oldrel-windows-ix86+x86_64 1.0.2 6.00 49.00 55.00 OK

Check Details

Version: 1.0.2
Check: package dependencies
Result: NOTE
    Package suggested but not available for checking: 'darts'
Flavors: r-devel-linux-x86_64-debian-clang, r-devel-linux-x86_64-debian-gcc, r-devel-linux-x86_64-fedora-clang, r-devel-linux-x86_64-fedora-gcc, r-patched-linux-x86_64, r-release-linux-x86_64, r-release-macos-x86_64

Version: 1.0.2
Check: dependencies in R code
Result: NOTE
    Namespace in Imports field not imported from: ‘jsonlite’
     All declared Imports should be used.
Flavors: r-devel-linux-x86_64-fedora-clang, r-devel-linux-x86_64-fedora-gcc, r-release-macos-arm64, r-release-macos-x86_64, r-oldrel-macos-arm64, r-oldrel-macos-x86_64