CRAN Package Check Results for Package changepoint.np

Last updated on 2022-08-18 15:52:13 CEST.

Flavor Version Tinstall Tcheck Ttotal Status Flags
r-devel-linux-x86_64-debian-clang 1.0.3 5.74 42.19 47.93 OK
r-devel-linux-x86_64-debian-gcc 1.0.3 4.06 33.28 37.34 OK
r-devel-linux-x86_64-fedora-clang 1.0.3 70.02 NOTE
r-devel-linux-x86_64-fedora-gcc 1.0.3 67.85 NOTE
r-devel-windows-x86_64 1.0.3 159.00 67.00 226.00 OK
r-patched-linux-x86_64 1.0.3 6.47 41.19 47.66 OK
r-release-linux-x86_64 1.0.3 OK
r-release-macos-arm64 1.0.3 22.00 NOTE
r-release-macos-x86_64 1.0.3 31.00 NOTE
r-release-windows-x86_64 1.0.3 98.00 71.00 169.00 OK
r-oldrel-macos-arm64 1.0.3 26.00 NOTE
r-oldrel-macos-x86_64 1.0.3 44.00 NOTE
r-oldrel-windows-ix86+x86_64 1.0.3 21.00 76.00 97.00 OK

Check Details

Version: 1.0.3
Check: dependencies in R code
Result: NOTE
    Namespace in Imports field not imported from: ‘Rdpack’
     All declared Imports should be used.
Flavors: r-devel-linux-x86_64-fedora-clang, r-devel-linux-x86_64-fedora-gcc, r-release-macos-arm64, r-release-macos-x86_64, r-oldrel-macos-arm64, r-oldrel-macos-x86_64