CRAN Package Check Results for Package cg

Last updated on 2022-07-03 03:49:52 CEST.

Flavor Version Tinstall Tcheck Ttotal Status Flags
r-devel-linux-x86_64-debian-clang 1.0-3 49.03 246.23 295.26 OK
r-devel-linux-x86_64-debian-gcc 1.0-3 36.85 183.02 219.87 OK
r-devel-linux-x86_64-fedora-clang 1.0-3 347.56 NOTE
r-devel-linux-x86_64-fedora-gcc 1.0-3 348.31 NOTE
r-devel-windows-x86_64 1.0-3 91.00 292.00 383.00 OK
r-patched-linux-x86_64 1.0-3 39.01 228.53 267.54 OK
r-release-linux-x86_64 1.0-3 26.86 227.83 254.69 OK
r-release-macos-arm64 1.0-3 96.00 NOTE
r-release-macos-x86_64 1.0-3 153.00 NOTE
r-release-windows-x86_64 1.0-3 103.00 289.00 392.00 OK
r-oldrel-macos-arm64 1.0-3 105.00 NOTE
r-oldrel-macos-x86_64 1.0-3 193.00 NOTE
r-oldrel-windows-ix86+x86_64 1.0-3 76.00 288.00 364.00 OK

Check Details

Version: 1.0-3
Check: dependencies in R code
Result: NOTE
    Namespace in Imports field not imported from: ‘grDevices’
     All declared Imports should be used.
Flavors: r-devel-linux-x86_64-fedora-clang, r-devel-linux-x86_64-fedora-gcc, r-release-macos-arm64, r-release-macos-x86_64, r-oldrel-macos-arm64, r-oldrel-macos-x86_64