CRAN Package Check Results for Package cfid

Last updated on 2022-08-18 15:52:13 CEST.

Flavor Version Tinstall Tcheck Ttotal Status Flags
r-devel-linux-x86_64-debian-clang 0.1.2 4.05 33.60 37.65 OK
r-devel-linux-x86_64-debian-gcc 0.1.2 3.05 26.18 29.23 OK
r-devel-linux-x86_64-fedora-clang 0.1.2 56.11 NOTE
r-devel-linux-x86_64-fedora-gcc 0.1.2 53.35 OK
r-devel-windows-x86_64 0.1.2 15.00 59.00 74.00 OK
r-patched-linux-x86_64 0.1.2 4.12 31.65 35.77 OK
r-release-linux-x86_64 0.1.2 OK
r-release-macos-arm64 0.1.2 19.00 OK
r-release-macos-x86_64 0.1.2 23.00 OK
r-release-windows-x86_64 0.1.2 15.00 55.00 70.00 OK
r-oldrel-macos-arm64 0.1.2 22.00 OK
r-oldrel-macos-x86_64 0.1.2 29.00 OK
r-oldrel-windows-ix86+x86_64 0.1.2 9.00 56.00 65.00 OK

Check Details

Version: 0.1.2
Check: Rd cross-references
Result: NOTE
    Undeclared packages ‘causaleffect’, ‘dosearch’ in Rd xrefs
Flavor: r-devel-linux-x86_64-fedora-clang