CRAN Package Check Results for Package cffdrs

Last updated on 2021-09-19 03:50:53 CEST.

Flavor Version Tinstall Tcheck Ttotal Status Flags
r-devel-linux-x86_64-debian-clang 1.8.18 14.15 122.82 136.97 OK
r-devel-linux-x86_64-debian-gcc 1.8.18 12.26 91.16 103.42 OK
r-devel-linux-x86_64-fedora-clang 1.8.18 171.33 OK
r-devel-linux-x86_64-fedora-gcc 1.8.18 160.74 OK
r-devel-windows-x86_64 1.8.18 16.00 136.00 152.00 OK
r-devel-windows-x86_64-gcc10-UCRT 1.8.18 ERROR
r-patched-linux-x86_64 1.8.18 13.37 116.40 129.77 OK
r-patched-solaris-x86 1.8.18 217.20 OK
r-release-linux-x86_64 1.8.18 12.74 115.74 128.48 OK
r-release-macos-arm64 1.8.18 OK
r-release-macos-x86_64 1.8.18 OK
r-release-windows-ix86+x86_64 1.8.18 28.00 100.00 128.00 OK
r-oldrel-macos-x86_64 1.8.18 OK
r-oldrel-windows-ix86+x86_64 1.8.18 27.00 146.00 173.00 OK

Check Details

Version: 1.8.18
Check: whether package can be installed
Result: WARN
    Found the following significant warnings:
     WARNING: installation-time patches will not be applied, could not get the patches index
Flavor: r-devel-windows-x86_64-gcc10-UCRT

Version: 1.8.18
Check: PDF version of manual
Result: WARN
    LaTeX errors when creating PDF version.
    This typically indicates Rd problems.
Flavor: r-devel-windows-x86_64-gcc10-UCRT

Version: 1.8.18
Check: PDF version of manual without hyperrefs or index
Result: ERROR
    Re-running with no redirection of stdout/stderr.
Flavor: r-devel-windows-x86_64-gcc10-UCRT