CRAN Package Check Results for Package cffdrs

Last updated on 2020-09-22 03:49:17 CEST.

Flavor Version Tinstall Tcheck Ttotal Status Flags
r-devel-linux-x86_64-debian-clang 1.8.18 13.64 112.71 126.35 OK
r-devel-linux-x86_64-debian-gcc 1.8.18 0.55 2.19 2.74 ERROR
r-devel-linux-x86_64-fedora-clang 1.8.18 163.37 OK
r-devel-linux-x86_64-fedora-gcc 1.8.18 156.35 OK
r-devel-windows-ix86+x86_64 1.8.18 28.00 111.00 139.00 OK
r-patched-linux-x86_64 1.8.18 14.75 109.68 124.43 OK
r-patched-solaris-x86 1.8.18 211.30 OK
r-release-linux-x86_64 1.8.18 13.81 109.86 123.67 OK
r-release-macos-x86_64 1.8.18 OK
r-release-windows-ix86+x86_64 1.8.18 28.00 135.00 163.00 OK
r-oldrel-macos-x86_64 1.8.18 OK
r-oldrel-windows-ix86+x86_64 1.8.18 17.00 134.00 151.00 OK

Check Details

Version: 1.8.18
Check: whether package can be installed
Result: ERROR
    Installation failed.
Flavor: r-devel-linux-x86_64-debian-gcc