CRAN Package Check Results for Package ceterisParibus

Last updated on 2020-08-13 15:50:57 CEST.

Flavor Version Tinstall Tcheck Ttotal Status Flags
r-devel-linux-x86_64-debian-clang 0.4.2 5.28 49.81 55.09 OK
r-devel-linux-x86_64-debian-gcc 0.4.2 4.15 38.16 42.31 OK
r-devel-linux-x86_64-fedora-clang 0.4.2 74.06 NOTE
r-devel-linux-x86_64-fedora-gcc 0.4.2 67.26 NOTE
r-devel-windows-ix86+x86_64 0.4.2 17.00 63.00 80.00 OK
r-patched-linux-x86_64 0.4.2 5.31 48.17 53.48 OK
r-patched-solaris-x86 0.4.2 95.20 NOTE
r-release-linux-x86_64 0.4.2 3.71 48.14 51.85 OK
r-release-macos-x86_64 0.4.2 NOTE
r-release-windows-ix86+x86_64 0.4.2 25.00 86.00 111.00 OK
r-oldrel-macos-x86_64 0.4.2 NOTE
r-oldrel-windows-ix86+x86_64 0.4.2 10.00 58.00 68.00 OK

Check Details

Version: 0.4.2
Check: dependencies in R code
Result: NOTE
    Namespace in Imports field not imported from: ‘knitr’
     All declared Imports should be used.
Flavors: r-devel-linux-x86_64-fedora-clang, r-devel-linux-x86_64-fedora-gcc, r-patched-solaris-x86, r-release-macos-x86_64, r-oldrel-macos-x86_64