CRAN Package Check Results for Package ceramic

Last updated on 2022-06-27 15:53:40 CEST.

Flavor Version Tinstall Tcheck Ttotal Status Flags
r-devel-linux-x86_64-debian-clang 0.6.0 38.99 293.93 332.92 NOTE
r-devel-linux-x86_64-debian-gcc 0.6.0 29.32 208.66 237.98 NOTE
r-devel-linux-x86_64-fedora-clang 0.6.0 377.16 NOTE
r-devel-linux-x86_64-fedora-gcc 0.6.0 381.88 NOTE
r-devel-windows-x86_64 0.6.0 41.00 274.00 315.00 NOTE
r-patched-linux-x86_64 0.6.0 24.17 277.44 301.61 NOTE
r-release-linux-x86_64 0.6.0 24.34 271.77 296.11 NOTE
r-release-macos-arm64 0.6.0 80.00 NOTE
r-release-macos-x86_64 0.6.0 143.00 NOTE
r-release-windows-x86_64 0.6.0 44.00 256.00 300.00 NOTE
r-oldrel-macos-arm64 0.6.0 49.00 NOTE
r-oldrel-macos-x86_64 0.6.0 72.00 NOTE
r-oldrel-windows-ix86+x86_64 0.6.0 69.00 273.00 342.00 NOTE

Check Details

Version: 0.6.0
Check: LazyData
Result: NOTE
     'LazyData' is specified without a 'data' directory
Flavors: r-devel-linux-x86_64-debian-clang, r-devel-linux-x86_64-debian-gcc, r-devel-linux-x86_64-fedora-clang, r-devel-linux-x86_64-fedora-gcc, r-devel-windows-x86_64, r-patched-linux-x86_64, r-release-linux-x86_64, r-release-macos-arm64, r-release-macos-x86_64, r-release-windows-x86_64, r-oldrel-macos-arm64, r-oldrel-macos-x86_64, r-oldrel-windows-ix86+x86_64