CRAN Package Check Results for Package cellVolumeDist

Last updated on 2023-01-29 16:54:52 CET.

Flavor Version Tinstall Tcheck Ttotal Status Flags
r-devel-linux-x86_64-debian-clang 1.4 2.44 30.43 32.87 NOTE
r-devel-linux-x86_64-debian-gcc 1.4 1.51 23.71 25.22 NOTE
r-devel-linux-x86_64-fedora-clang 1.4 44.37 NOTE
r-devel-linux-x86_64-fedora-gcc 1.4 45.47 NOTE
r-devel-windows-x86_64 1.4 33.00 62.00 95.00 NOTE
r-patched-linux-x86_64 1.4 1.79 29.99 31.78 OK
r-release-linux-x86_64 1.4 2.49 30.29 32.78 OK
r-release-macos-arm64 1.4 19.00 OK
r-release-macos-x86_64 1.4 24.00 OK
r-release-windows-x86_64 1.4 27.00 57.00 84.00 OK
r-oldrel-macos-arm64 1.4 19.00 OK
r-oldrel-macos-x86_64 1.4 27.00 OK
r-oldrel-windows-ix86+x86_64 1.4 6.00 56.00 62.00 OK

Check Details

Version: 1.4
Check: Rd files
Result: NOTE
    checkRd: (-1) A10_vSMC_volume_data.Rd:37: Escaped LaTeX specials: \_
    checkRd: (-1) A10_vSMC_volume_data.Rd:38: Escaped LaTeX specials: \_
    checkRd: (-1) A10_vSMC_volume_data.Rd:39: Escaped LaTeX specials: \_
    checkRd: (-1) A10_vSMC_volume_data.Rd:40: Escaped LaTeX specials: \_
    checkRd: (-1) A10_vSMC_volume_data.Rd:41: Escaped LaTeX specials: \_
    checkRd: (-1) A10_vSMC_volume_data.Rd:42: Escaped LaTeX specials: \_
    checkRd: (-1) A10_vSMC_volume_data.Rd:43: Escaped LaTeX specials: \_
    checkRd: (-1) A10_vSMC_volume_data.Rd:44: Escaped LaTeX specials: \_
    checkRd: (-1) A10_vSMC_volume_data.Rd:45: Escaped LaTeX specials: \_
    checkRd: (-1) A10_vSMC_volume_data.Rd:46: Escaped LaTeX specials: \_
    checkRd: (-1) A10_vSMC_volume_data.Rd:47: Escaped LaTeX specials: \_
    checkRd: (-1) A10_vSMC_volume_data.Rd:48: Escaped LaTeX specials: \_
    checkRd: (-1) A10_vSMC_volume_data.Rd:49: Escaped LaTeX specials: \_
    checkRd: (-1) A10_vSMC_volume_data.Rd:56: Escaped LaTeX specials: \_
    checkRd: (-1) A10_vSMC_volume_data.Rd:57: Escaped LaTeX specials: \_
    checkRd: (-1) A10_vSMC_volume_data.Rd:58: Escaped LaTeX specials: \_
    checkRd: (-1) A10_vSMC_volume_data.Rd:59: Escaped LaTeX specials: \_
    checkRd: (-1) A10_vSMC_volume_data.Rd:60: Escaped LaTeX specials: \_
    checkRd: (-1) A10_vSMC_volume_data.Rd:61: Escaped LaTeX specials: \_
    checkRd: (-1) A10_vSMC_volume_data.Rd:62: Escaped LaTeX specials: \_
    checkRd: (-1) A10_vSMC_volume_data.Rd:64: Escaped LaTeX specials: \_
    checkRd: (-1) A10_vSMC_volume_data.Rd:65: Escaped LaTeX specials: \_
    checkRd: (-1) A10_vSMC_volume_data.Rd:66: Escaped LaTeX specials: \_
    checkRd: (-1) A10_vSMC_volume_data.Rd:67: Escaped LaTeX specials: \_
    checkRd: (-1) A10_vSMC_volume_data.Rd:68: Escaped LaTeX specials: \_
    checkRd: (-1) A10_vSMC_volume_data.Rd:70: Escaped LaTeX specials: \_ \_
    checkRd: (-1) NIH3T3_volume_data.Rd:20: Escaped LaTeX specials: \_
    checkRd: (-1) NIH3T3_volume_data.Rd:21: Escaped LaTeX specials: \_
    checkRd: (-1) NIH3T3_volume_data.Rd:22: Escaped LaTeX specials: \_
    checkRd: (-1) NIH3T3_volume_data.Rd:23: Escaped LaTeX specials: \_
    checkRd: (-1) NIH3T3_volume_data.Rd:28: Escaped LaTeX specials: \_
    checkRd: (-1) NIH3T3_volume_data.Rd:29: Escaped LaTeX specials: \_
    checkRd: (-1) NIH3T3_volume_data.Rd:30: Escaped LaTeX specials: \_
    checkRd: (-1) NIH3T3_volume_data.Rd:31: Escaped LaTeX specials: \_
    checkRd: (-1) NIH3T3_volume_data.Rd:33: Escaped LaTeX specials: \_
Flavors: r-devel-linux-x86_64-debian-clang, r-devel-linux-x86_64-debian-gcc, r-devel-linux-x86_64-fedora-clang, r-devel-linux-x86_64-fedora-gcc, r-devel-windows-x86_64