CRAN Package Check Results for Package cder

Last updated on 2023-02-08 15:52:36 CET.

Flavor Version Tinstall Tcheck Ttotal Status Flags
r-devel-linux-x86_64-debian-clang 0.2-2 6.81 57.46 64.27 NOTE
r-devel-linux-x86_64-debian-gcc 0.2-2 5.37 43.03 48.40 NOTE
r-devel-linux-x86_64-fedora-clang 0.2-2 87.03 NOTE
r-devel-linux-x86_64-fedora-gcc 0.2-2 87.42 NOTE
r-devel-windows-x86_64 0.2-2 18.00 83.00 101.00 NOTE
r-patched-linux-x86_64 0.2-2 6.07 56.54 62.61 NOTE
r-release-linux-x86_64 0.2-2 5.53 57.01 62.54 NOTE
r-release-macos-arm64 0.2-2 27.00 NOTE
r-release-macos-x86_64 0.2-2 50.00 NOTE
r-release-windows-x86_64 0.2-2 15.00 96.00 111.00 NOTE
r-oldrel-macos-arm64 0.2-2 31.00 NOTE
r-oldrel-macos-x86_64 0.2-2 45.00 NOTE
r-oldrel-windows-ix86+x86_64 0.2-2 15.00 78.00 93.00 NOTE

Check Details

Version: 0.2-2
Check: LazyData
Result: NOTE
     'LazyData' is specified without a 'data' directory
Flavors: r-devel-linux-x86_64-debian-clang, r-devel-linux-x86_64-debian-gcc, r-devel-linux-x86_64-fedora-clang, r-devel-linux-x86_64-fedora-gcc, r-devel-windows-x86_64, r-patched-linux-x86_64, r-release-linux-x86_64, r-release-macos-arm64, r-release-macos-x86_64, r-release-windows-x86_64, r-oldrel-macos-arm64, r-oldrel-macos-x86_64, r-oldrel-windows-ix86+x86_64