CRAN Package Check Results for Package cbcTools

Last updated on 2024-07-21 03:55:19 CEST.

Flavor Version Tinstall Tcheck Ttotal Status Flags
r-devel-linux-x86_64-debian-clang 0.5.0 6.48 88.73 95.21 NOTE
r-devel-linux-x86_64-debian-gcc 0.5.0 6.09 65.70 71.79 NOTE
r-devel-linux-x86_64-fedora-clang 0.5.0 121.54 NOTE
r-devel-linux-x86_64-fedora-gcc 0.5.0 242.12 NOTE
r-devel-windows-x86_64 0.5.0 10.00 87.00 97.00 NOTE
r-patched-linux-x86_64 0.5.0 7.39 83.71 91.10 NOTE
r-release-linux-x86_64 0.5.0 4.29 83.64 87.93 NOTE
r-release-macos-arm64 0.5.0 66.00 NOTE
r-release-macos-x86_64 0.5.0 98.00 NOTE
r-release-windows-x86_64 0.5.0 8.00 87.00 95.00 NOTE
r-oldrel-macos-arm64 0.5.0 56.00 OK
r-oldrel-macos-x86_64 0.5.0 129.00 OK
r-oldrel-windows-x86_64 0.5.0 9.00 102.00 111.00 OK

Check Details

Version: 0.5.0
Check: Rd files
Result: NOTE checkRd: (-1) cbc_design.Rd:160: Lost braces; missing escapes or markup? 160 | see \code{?DoE.base::fac.design} as well as the JSS article on the {DoE.base} | ^ checkRd: (-1) cbc_design.Rd:174: Lost braces; missing escapes or markup? 174 | well as the JSS article on the {DoE.base} package (Grömping, 2018). | ^ checkRd: (-1) cbc_design.Rd:197: Lost braces; missing escapes or markup? 197 | {idefix} package (Traets et al, 2020). | ^ checkRd: (-1) cbc_power.Rd:70: Lost braces; missing escapes or markup? 70 | estimation. See the {logitr} documentation for details about other | ^ Flavors: r-devel-linux-x86_64-debian-clang, r-devel-linux-x86_64-debian-gcc, r-devel-linux-x86_64-fedora-clang, r-devel-linux-x86_64-fedora-gcc, r-devel-windows-x86_64, r-patched-linux-x86_64, r-release-linux-x86_64, r-release-macos-arm64, r-release-macos-x86_64, r-release-windows-x86_64