CRAN Package Check Results for Package causalweight

Last updated on 2022-01-28 15:53:06 CET.

Flavor Version Tinstall Tcheck Ttotal Status Flags
r-devel-linux-x86_64-debian-clang 1.0.2 17.15 131.43 148.58 OK
r-devel-linux-x86_64-debian-gcc 1.0.2 14.22 101.63 115.85 OK
r-devel-linux-x86_64-fedora-clang 1.0.2 250.40 NOTE
r-devel-linux-x86_64-fedora-gcc 1.0.2 247.23 NOTE
r-devel-windows-x86_64-new-UL 1.0.2 100.00 178.00 278.00 OK
r-devel-windows-x86_64-new-TK 1.0.2 NOTE
r-patched-linux-x86_64 1.0.2 20.27 153.04 173.31 OK
r-release-linux-x86_64 1.0.2 19.65 171.56 191.21 OK
r-release-macos-arm64 1.0.2 NOTE
r-release-macos-x86_64 1.0.2 NOTE
r-release-windows-ix86+x86_64 1.0.2 49.00 199.00 248.00 OK
r-oldrel-macos-x86_64 1.0.2 NOTE
r-oldrel-windows-ix86+x86_64 1.0.2 50.00 198.00 248.00 OK

Check Details

Version: 1.0.2
Check: data for non-ASCII characters
Result: NOTE
     Note: found 1 marked UTF-8 string
Flavors: r-devel-linux-x86_64-fedora-clang, r-devel-linux-x86_64-fedora-gcc, r-devel-windows-x86_64-new-TK, r-release-macos-arm64, r-release-macos-x86_64, r-oldrel-macos-x86_64