CRAN Package Check Results for Package causal.decomp

Last updated on 2022-10-01 03:54:05 CEST.

Flavor Version Tinstall Tcheck Ttotal Status Flags
r-devel-linux-x86_64-debian-clang 0.0.1 12.85 128.35 141.20 OK
r-devel-linux-x86_64-debian-gcc 0.0.1 11.23 95.71 106.94 OK
r-devel-linux-x86_64-fedora-clang 0.0.1 191.31 NOTE
r-devel-linux-x86_64-fedora-gcc 0.0.1 178.69 NOTE
r-devel-windows-x86_64 0.0.1 34.00 150.00 184.00 OK
r-patched-linux-x86_64 0.0.1 11.56 121.23 132.79 OK
r-release-linux-x86_64 0.0.1 13.78 122.62 136.40 OK
r-release-macos-arm64 0.0.1 43.00 NOTE
r-release-macos-x86_64 0.0.1 94.00 NOTE
r-release-windows-x86_64 0.0.1 21.00 148.00 169.00 OK
r-oldrel-macos-arm64 0.0.1 41.00 NOTE
r-oldrel-macos-x86_64 0.0.1 58.00 NOTE
r-oldrel-windows-ix86+x86_64 0.0.1 33.00 139.00 172.00 OK

Check Details

Version: 0.0.1
Check: dependencies in R code
Result: NOTE
    Namespaces in Imports field not imported from:
     ‘CBPS’ ‘spelling’
     All declared Imports should be used.
Flavors: r-devel-linux-x86_64-fedora-clang, r-devel-linux-x86_64-fedora-gcc, r-release-macos-arm64, r-release-macos-x86_64, r-oldrel-macos-arm64, r-oldrel-macos-x86_64