CRAN Package Check Results for Package cattonum

Last updated on 2022-08-12 03:53:22 CEST.

Flavor Version Tinstall Tcheck Ttotal Status Flags
r-devel-linux-x86_64-debian-clang 0.0.5 19.95 234.46 254.41 NOTE
r-devel-linux-x86_64-debian-gcc 0.0.5 15.18 170.49 185.67 NOTE
r-devel-linux-x86_64-fedora-clang 0.0.5 320.46 NOTE
r-devel-linux-x86_64-fedora-gcc 0.0.5 308.14 NOTE
r-devel-windows-x86_64 0.0.5 31.00 181.00 212.00 NOTE
r-patched-linux-x86_64 0.0.5 18.11 207.82 225.93 NOTE
r-release-linux-x86_64 0.0.5 16.37 211.78 228.15 NOTE
r-release-macos-arm64 0.0.5 76.00 NOTE
r-release-macos-x86_64 0.0.5 126.00 NOTE
r-release-windows-x86_64 0.0.5 177.00 177.00 354.00 NOTE
r-oldrel-macos-arm64 0.0.5 90.00 NOTE
r-oldrel-macos-x86_64 0.0.5 118.00 NOTE
r-oldrel-windows-ix86+x86_64 0.0.5 51.00 292.00 343.00 NOTE

Check Details

Version: 0.0.5
Check: LazyData
Result: NOTE
     'LazyData' is specified without a 'data' directory
Flavors: r-devel-linux-x86_64-debian-clang, r-devel-linux-x86_64-debian-gcc, r-devel-linux-x86_64-fedora-clang, r-devel-linux-x86_64-fedora-gcc, r-devel-windows-x86_64, r-patched-linux-x86_64, r-release-linux-x86_64, r-release-macos-arm64, r-release-macos-x86_64, r-release-windows-x86_64, r-oldrel-macos-arm64, r-oldrel-macos-x86_64, r-oldrel-windows-ix86+x86_64