CRAN Package Check Results for Package cats

Last updated on 2024-06-24 15:56:40 CEST.

Flavor Version Tinstall Tcheck Ttotal Status Flags
r-devel-linux-x86_64-debian-clang 1.0.2 3.14 46.58 49.72 OK
r-devel-linux-x86_64-debian-gcc 1.0.2 2.33 32.51 34.84 OK
r-devel-linux-x86_64-fedora-clang 1.0.2 60.26 NOTE
r-devel-linux-x86_64-fedora-gcc 1.0.2 56.77 NOTE
r-devel-windows-x86_64 1.0.2 4.00 51.00 55.00 OK
r-patched-linux-x86_64 1.0.2 3.15 44.04 47.19 OK
r-release-linux-x86_64 1.0.2 2.59 43.09 45.68 OK
r-release-macos-arm64 1.0.2 21.00 OK
r-release-macos-x86_64 1.0.2 41.00 OK
r-release-windows-x86_64 1.0.2 6.00 51.00 57.00 OK
r-oldrel-macos-arm64 1.0.2 20.00 OK
r-oldrel-macos-x86_64 1.0.2 30.00 OK
r-oldrel-windows-x86_64 1.0.2 6.00 56.00 62.00 OK

Check Details

Version: 1.0.2
Check: dependencies in R code
Result: NOTE Namespaces in Imports field not imported from: ‘epitools’ ‘forcats’ ‘purrr’ All declared Imports should be used. Flavors: r-devel-linux-x86_64-fedora-clang, r-devel-linux-x86_64-fedora-gcc