Last updated on 2021-01-26 15:49:41 CET.
Flavor | Version | Tinstall | Tcheck | Ttotal | Status | Flags |
---|---|---|---|---|---|---|
r-devel-linux-x86_64-debian-clang | 1.6.4 | 3.12 | 32.75 | 35.87 | NOTE | |
r-devel-linux-x86_64-debian-gcc | 1.6.4 | 2.32 | 25.66 | 27.98 | NOTE | |
r-devel-linux-x86_64-fedora-clang | 1.6.4 | 52.33 | NOTE | |||
r-devel-linux-x86_64-fedora-gcc | 1.6.4 | 42.25 | NOTE | |||
r-devel-windows-ix86+x86_64 | 1.6.4 | 5.00 | 49.00 | 54.00 | OK | |
r-patched-linux-x86_64 | 1.6.4 | 3.04 | 31.63 | 34.67 | NOTE | |
r-patched-solaris-x86 | 1.6.4 | 64.50 | NOTE | |||
r-release-linux-x86_64 | 1.6.4 | 2.75 | 31.60 | 34.35 | NOTE | |
r-release-macos-x86_64 | 1.6.4 | OK | ||||
r-release-windows-ix86+x86_64 | 1.6.4 | 6.00 | 40.00 | 46.00 | OK | |
r-oldrel-macos-x86_64 | 1.6.4 | OK | ||||
r-oldrel-windows-ix86+x86_64 | 1.6.4 | 4.00 | 47.00 | 51.00 | OK |
Version: 1.6.4
Check: for non-standard things in the check directory
Result: NOTE
Found the following files/directories:
'catmapdata.fixed.effects.plot.pdf' 'catmapdata.funnel.plot.pdf'
'catmapdata.output.txt' 'catmapdata.random.effects.plot.pdf'
Flavors: r-devel-linux-x86_64-debian-clang, r-devel-linux-x86_64-debian-gcc, r-devel-linux-x86_64-fedora-clang, r-devel-linux-x86_64-fedora-gcc, r-patched-linux-x86_64, r-patched-solaris-x86, r-release-linux-x86_64