CRAN Package Check Results for Package catfun

Last updated on 2023-01-26 15:53:05 CET.

Flavor Version Tinstall Tcheck Ttotal Status Flags
r-devel-linux-x86_64-debian-clang 0.1.4 13.23 115.25 128.48 NOTE
r-devel-linux-x86_64-debian-gcc 0.1.4 9.73 84.67 94.40 NOTE
r-devel-linux-x86_64-fedora-clang 0.1.4 160.14 NOTE
r-devel-linux-x86_64-fedora-gcc 0.1.4 151.09 NOTE
r-devel-windows-x86_64 0.1.4 24.00 135.00 159.00 NOTE
r-patched-linux-x86_64 0.1.4 10.85 107.36 118.21 NOTE
r-release-linux-x86_64 0.1.4 8.57 111.57 120.14 NOTE
r-release-macos-arm64 0.1.4 41.00 NOTE
r-release-macos-x86_64 0.1.4 77.00 NOTE
r-release-windows-x86_64 0.1.4 22.00 139.00 161.00 NOTE
r-oldrel-macos-arm64 0.1.4 50.00 NOTE
r-oldrel-macos-x86_64 0.1.4 91.00 NOTE
r-oldrel-windows-ix86+x86_64 0.1.4 32.00 135.00 167.00 NOTE

Check Details

Version: 0.1.4
Check: LazyData
Result: NOTE
     'LazyData' is specified without a 'data' directory
Flavors: r-devel-linux-x86_64-debian-clang, r-devel-linux-x86_64-debian-gcc, r-devel-linux-x86_64-fedora-clang, r-devel-linux-x86_64-fedora-gcc, r-devel-windows-x86_64, r-patched-linux-x86_64, r-release-linux-x86_64, r-release-macos-arm64, r-release-macos-x86_64, r-release-windows-x86_64, r-oldrel-macos-arm64, r-oldrel-macos-x86_64, r-oldrel-windows-ix86+x86_64

Version: 0.1.4
Check: dependencies in R code
Result: NOTE
    Namespaces in Imports field not imported from:
     ‘broom’ ‘epitools’
     All declared Imports should be used.
Flavors: r-devel-linux-x86_64-fedora-clang, r-devel-linux-x86_64-fedora-gcc, r-release-macos-arm64, r-release-macos-x86_64, r-oldrel-macos-arm64, r-oldrel-macos-x86_64