CRAN Package Check Results for Package catdata

Last updated on 2022-06-27 15:53:39 CEST.

Flavor Version Tinstall Tcheck Ttotal Status Flags
r-devel-linux-x86_64-debian-clang 1.2.2 3.45 414.35 417.80 NOTE
r-devel-linux-x86_64-debian-gcc 1.2.2 2.62 300.24 302.86 NOTE
r-devel-linux-x86_64-fedora-clang 1.2.2 485.90 NOTE
r-devel-linux-x86_64-fedora-gcc 1.2.2 536.32 NOTE
r-devel-windows-x86_64 1.2.2 78.00 1149.00 1227.00 NOTE
r-patched-linux-x86_64 1.2.2 3.92 383.36 387.28 NOTE
r-release-linux-x86_64 1.2.2 3.41 376.75 380.16 NOTE
r-release-macos-arm64 1.2.2 255.00 NOTE
r-release-macos-x86_64 1.2.2 601.00 NOTE
r-release-windows-x86_64 1.2.2 92.00 1076.00 1168.00 NOTE
r-oldrel-macos-arm64 1.2.2 252.00 NOTE
r-oldrel-macos-x86_64 1.2.2 716.00 NOTE
r-oldrel-windows-ix86+x86_64 1.2.2 10.00 409.00 419.00 OK

Check Details

Version: 1.2.2
Check: package dependencies
Result: NOTE
    Package suggested but not available for checking: 'GAMBoost'
Flavors: r-devel-linux-x86_64-debian-clang, r-devel-linux-x86_64-debian-gcc, r-devel-linux-x86_64-fedora-clang, r-devel-linux-x86_64-fedora-gcc, r-devel-windows-x86_64, r-patched-linux-x86_64, r-release-linux-x86_64, r-release-macos-arm64, r-release-macos-x86_64, r-release-windows-x86_64, r-oldrel-macos-arm64, r-oldrel-macos-x86_64