CRAN Package Check Results for Package catSurv

Last updated on 2024-06-16 15:49:52 CEST.

Flavor Version Tinstall Tcheck Ttotal Status Flags
r-devel-linux-x86_64-debian-clang 1.5.0 235.41 147.25 382.66 NOTE
r-devel-linux-x86_64-debian-gcc 1.5.0 150.43 109.18 259.61 NOTE
r-devel-linux-x86_64-fedora-clang 1.5.0 568.00 NOTE
r-devel-linux-x86_64-fedora-gcc 1.5.0 534.55 NOTE
r-devel-windows-x86_64 1.5.0 187.00 150.00 337.00 NOTE
r-patched-linux-x86_64 1.5.0 194.63 138.57 333.20 NOTE
r-release-linux-x86_64 1.5.0 197.65 145.68 343.33 NOTE
r-release-macos-arm64 1.5.0 100.00 NOTE
r-release-macos-x86_64 1.5.0 169.00 NOTE
r-release-windows-x86_64 1.5.0 191.00 154.00 345.00 NOTE
r-oldrel-macos-arm64 1.5.0 129.00 NOTE
r-oldrel-macos-x86_64 1.5.0 193.00 NOTE
r-oldrel-windows-x86_64 1.5.0 226.00 186.00 412.00 NOTE

Check Details

Version: 1.5.0
Check: C++ specification
Result: NOTE Specified C++11: please drop specification unless essential Flavors: r-devel-linux-x86_64-debian-clang, r-devel-linux-x86_64-debian-gcc, r-devel-linux-x86_64-fedora-clang, r-devel-linux-x86_64-fedora-gcc, r-devel-windows-x86_64, r-patched-linux-x86_64, r-release-linux-x86_64, r-release-macos-arm64, r-release-macos-x86_64, r-release-windows-x86_64, r-oldrel-macos-arm64, r-oldrel-macos-x86_64, r-oldrel-windows-x86_64

Version: 1.5.0
Check: for GNU extensions in Makefiles
Result: NOTE GNU make is a SystemRequirements. Flavors: r-devel-linux-x86_64-debian-clang, r-devel-linux-x86_64-debian-gcc, r-devel-linux-x86_64-fedora-clang, r-devel-linux-x86_64-fedora-gcc, r-devel-windows-x86_64, r-patched-linux-x86_64, r-release-linux-x86_64, r-release-macos-arm64, r-release-macos-x86_64, r-release-windows-x86_64, r-oldrel-macos-arm64, r-oldrel-macos-x86_64, r-oldrel-windows-x86_64

Version: 1.5.0
Check: installed package size
Result: NOTE installed size is 7.3Mb sub-directories of 1Mb or more: libs 6.4Mb Flavors: r-release-macos-arm64, r-release-macos-x86_64, r-oldrel-macos-arm64, r-oldrel-macos-x86_64