CRAN Package Check Results for Package catSurv

Last updated on 2020-11-25 15:51:52 CET.

Flavor Version Tinstall Tcheck Ttotal Status Flags
r-devel-linux-x86_64-debian-clang 1.3.0 226.07 133.59 359.66 NOTE
r-devel-linux-x86_64-debian-gcc 1.3.0 242.85 101.11 343.96 NOTE
r-devel-linux-x86_64-fedora-clang 1.3.0 500.33 NOTE
r-devel-linux-x86_64-fedora-gcc 1.3.0 427.06 NOTE
r-devel-windows-ix86+x86_64 1.3.0 499.00 250.00 749.00 NOTE
r-patched-linux-x86_64 1.3.0 320.47 126.62 447.09 NOTE
r-patched-solaris-x86 1.3.0 443.30 NOTE
r-release-linux-x86_64 1.3.0 308.40 126.75 435.15 NOTE
r-release-macos-x86_64 1.3.0 NOTE
r-release-windows-ix86+x86_64 1.3.0 515.00 258.00 773.00 NOTE
r-oldrel-macos-x86_64 1.3.0 NOTE
r-oldrel-windows-ix86+x86_64 1.3.0 403.00 206.00 609.00 NOTE

Check Details

Version: 1.3.0
Check: for GNU extensions in Makefiles
Result: NOTE
    GNU make is a SystemRequirements.
Flavors: r-devel-linux-x86_64-debian-clang, r-devel-linux-x86_64-debian-gcc, r-devel-linux-x86_64-fedora-clang, r-devel-linux-x86_64-fedora-gcc, r-devel-windows-ix86+x86_64, r-patched-linux-x86_64, r-patched-solaris-x86, r-release-linux-x86_64, r-release-macos-x86_64, r-release-windows-ix86+x86_64, r-oldrel-macos-x86_64, r-oldrel-windows-ix86+x86_64

Version: 1.3.0
Check: installed package size
Result: NOTE
     installed size is 7.7Mb
     sub-directories of 1Mb or more:
     libs 6.8Mb
Flavors: r-devel-linux-x86_64-fedora-clang, r-release-macos-x86_64, r-oldrel-macos-x86_64