CRAN Package Check Results for Package casen

Last updated on 2020-11-27 03:50:05 CET.

Flavor Version Tinstall Tcheck Ttotal Status Flags
r-devel-linux-x86_64-debian-clang 0.1.4 11.42 127.45 138.87 OK
r-devel-linux-x86_64-debian-gcc 0.1.4 9.81 96.50 106.31 OK
r-devel-linux-x86_64-fedora-clang 0.1.4 171.00 NOTE
r-devel-linux-x86_64-fedora-gcc 0.1.4 159.91 NOTE
r-devel-windows-ix86+x86_64 0.1.4 23.00 163.00 186.00 OK
r-patched-linux-x86_64 0.1.4 10.73 122.07 132.80 OK
r-patched-solaris-x86 0.1.4 216.00 NOTE
r-release-linux-x86_64 0.1.4 10.58 122.31 132.89 OK
r-release-macos-x86_64 0.1.4 NOTE
r-release-windows-ix86+x86_64 0.1.4 24.00 192.00 216.00 OK
r-oldrel-macos-x86_64 0.1.4 NOTE
r-oldrel-windows-ix86+x86_64 0.1.4 16.00 175.00 191.00 OK

Check Details

Version: 0.1.4
Check: dependencies in R code
Result: NOTE
    Namespaces in Imports field not imported from:
     ‘janitor’ ‘tibble’
     All declared Imports should be used.
Flavors: r-devel-linux-x86_64-fedora-clang, r-devel-linux-x86_64-fedora-gcc, r-patched-solaris-x86, r-release-macos-x86_64, r-oldrel-macos-x86_64

Version: 0.1.4
Check: data for non-ASCII characters
Result: NOTE
     Note: found 75 marked UTF-8 strings
Flavors: r-devel-linux-x86_64-fedora-clang, r-devel-linux-x86_64-fedora-gcc, r-patched-solaris-x86, r-release-macos-x86_64, r-oldrel-macos-x86_64