CRAN Package Check Results for Package casebase

Last updated on 2020-09-28 15:47:38 CEST.

Flavor Version Tinstall Tcheck Ttotal Status Flags
r-devel-linux-x86_64-debian-clang 0.9.0 12.54 388.53 401.07 OK
r-devel-linux-x86_64-debian-gcc 0.9.0 10.45 278.82 289.27 OK
r-devel-linux-x86_64-fedora-clang 0.9.0 455.46 OK
r-devel-linux-x86_64-fedora-gcc 0.9.0 446.84 OK
r-devel-windows-ix86+x86_64 0.9.0 30.00 480.00 510.00 OK
r-patched-linux-x86_64 0.9.0 12.51 359.09 371.60 OK
r-patched-solaris-x86 0.9.0 761.90 NOTE
r-release-linux-x86_64 0.9.0 12.91 354.64 367.55 OK
r-release-macos-x86_64 0.9.0 OK
r-release-windows-ix86+x86_64 0.9.0 29.00 473.00 502.00 OK
r-oldrel-macos-x86_64 0.9.0 OK
r-oldrel-windows-ix86+x86_64 0.9.0 25.00 468.00 493.00 OK

Check Details

Version: 0.9.0
Check: installed package size
Result: NOTE
     installed size is 5.3Mb
     sub-directories of 1Mb or more:
     doc 3.9Mb
Flavor: r-patched-solaris-x86