CRAN Package Check Results for Package caret

Last updated on 2022-01-17 15:51:35 CET.

Flavor Version Tinstall Tcheck Ttotal Status Flags
r-devel-linux-x86_64-debian-clang 6.0-90 36.85 522.71 559.56 OK
r-devel-linux-x86_64-debian-gcc 6.0-90 33.83 396.96 430.79 OK
r-devel-linux-x86_64-fedora-clang 6.0-90 696.34 OK
r-devel-linux-x86_64-fedora-gcc 6.0-90 659.11 OK
r-devel-windows-x86_64-new-UL 6.0-90 165.00 459.00 624.00 OK --no-vignettes
r-devel-windows-x86_64-new-TK 6.0-90 NOTE
r-patched-linux-x86_64 6.0-90 45.22 490.34 535.56 OK
r-release-linux-x86_64 6.0-90 OK
r-release-macos-arm64 6.0-90 OK
r-release-macos-x86_64 6.0-90 OK
r-release-windows-ix86+x86_64 6.0-90 74.00 700.00 774.00 OK --no-vignettes
r-oldrel-macos-x86_64 6.0-90 OK
r-oldrel-windows-ix86+x86_64 6.0-90 72.00 770.00 842.00 OK --no-vignettes

Check Details

Version: 6.0-90
Check: package dependencies
Result: NOTE
    Package suggested but not available for checking: 'BradleyTerry2'
Flavor: r-devel-windows-x86_64-new-TK