CRAN Package Check Results for Package caret

Last updated on 2020-10-26 03:48:19 CET.

Flavor Version Tinstall Tcheck Ttotal Status Flags
r-devel-linux-x86_64-debian-clang 6.0-86 39.86 616.89 656.75 OK
r-devel-linux-x86_64-debian-gcc 6.0-86 34.51 468.20 502.71 OK
r-devel-linux-x86_64-fedora-clang 6.0-86 805.69 NOTE
r-devel-linux-x86_64-fedora-gcc 6.0-86 776.22 OK
r-devel-windows-ix86+x86_64 6.0-86 67.00 1052.00 1119.00 NOTE --no-vignettes
r-patched-linux-x86_64 6.0-86 35.45 567.36 602.81 OK
r-patched-solaris-x86 6.0-86 1090.90 NOTE
r-release-linux-x86_64 6.0-86 38.48 565.98 604.46 OK
r-release-macos-x86_64 6.0-86 NOTE
r-release-windows-ix86+x86_64 6.0-86 54.00 777.00 831.00 NOTE --no-vignettes
r-oldrel-macos-x86_64 6.0-86 NOTE
r-oldrel-windows-ix86+x86_64 6.0-86 64.00 795.00 859.00 NOTE --no-vignettes

Check Details

Version: 6.0-86
Check: installed package size
Result: NOTE
     installed size is 6.6Mb
     sub-directories of 1Mb or more:
     R 1.1Mb
     data 1.5Mb
     models 2.4Mb
Flavors: r-devel-linux-x86_64-fedora-clang, r-patched-solaris-x86, r-release-macos-x86_64, r-oldrel-macos-x86_64

Version: 6.0-86
Flags: --no-vignettes
Check: package dependencies
Result: NOTE
    Package suggested but not available for checking: 'BradleyTerry2'
Flavor: r-devel-windows-ix86+x86_64

Version: 6.0-86
Flags: --no-vignettes
Check: installed package size
Result: NOTE
     installed size is 6.6Mb
     sub-directories of 1Mb or more:
     R 1.1Mb
     data 1.5Mb
     models 2.4Mb
Flavors: r-devel-windows-ix86+x86_64, r-release-windows-ix86+x86_64, r-oldrel-windows-ix86+x86_64