CRAN Package Check Results for Package care

Last updated on 2020-09-22 03:49:16 CEST.

Flavor Version Tinstall Tcheck Ttotal Status Flags
r-devel-linux-x86_64-debian-clang 1.1.10 2.19 21.56 23.75 OK
r-devel-linux-x86_64-debian-gcc 1.1.10 0.26 1.81 2.07 ERROR
r-devel-linux-x86_64-fedora-clang 1.1.10 37.89 NOTE
r-devel-linux-x86_64-fedora-gcc 1.1.10 28.79 OK
r-devel-windows-ix86+x86_64 1.1.10 6.00 31.00 37.00 OK
r-patched-linux-x86_64 1.1.10 2.33 21.65 23.98 OK
r-patched-solaris-x86 1.1.10 46.90 OK
r-release-linux-x86_64 1.1.10 2.29 21.60 23.89 OK
r-release-macos-x86_64 1.1.10 OK
r-release-windows-ix86+x86_64 1.1.10 5.00 33.00 38.00 OK
r-oldrel-macos-x86_64 1.1.10 OK
r-oldrel-windows-ix86+x86_64 1.1.10 4.00 39.00 43.00 OK

Check Details

Version: 1.1.10
Check: whether package can be installed
Result: ERROR
    Installation failed.
Flavor: r-devel-linux-x86_64-debian-gcc

Version: 1.1.10
Check: Rd cross-references
Result: NOTE
    Undeclared package ‘sda’ in Rd xrefs
Flavor: r-devel-linux-x86_64-fedora-clang