CRAN Package Check Results for Package carat

Last updated on 2023-02-06 15:57:09 CET.

Flavor Version Tinstall Tcheck Ttotal Status Flags
r-devel-linux-x86_64-debian-clang 2.1.0 103.51 84.50 188.01 NOTE
r-devel-linux-x86_64-debian-gcc 2.1.0 74.58 62.19 136.77 NOTE
r-devel-linux-x86_64-fedora-clang 2.1.0 241.39 NOTE
r-devel-linux-x86_64-fedora-gcc 2.1.0 220.50 NOTE
r-devel-windows-x86_64 2.1.0 90.00 140.00 230.00 NOTE
r-patched-linux-x86_64 2.1.0 75.32 79.26 154.58 OK
r-release-linux-x86_64 2.1.0 79.32 77.33 156.65 OK
r-release-macos-arm64 2.1.0 62.00 NOTE
r-release-macos-x86_64 2.1.0 82.00 NOTE
r-release-windows-x86_64 2.1.0 84.00 145.00 229.00 OK
r-oldrel-macos-arm64 2.1.0 60.00 NOTE
r-oldrel-macos-x86_64 2.1.0 88.00 NOTE
r-oldrel-windows-ix86+x86_64 2.1.0 184.00 149.00 333.00 OK

Check Details

Version: 2.1.0
Check: C++ specification
Result: NOTE
     Specified C++11: please update to current default of C++17
Flavors: r-devel-linux-x86_64-debian-clang, r-devel-linux-x86_64-debian-gcc, r-devel-linux-x86_64-fedora-clang, r-devel-linux-x86_64-fedora-gcc, r-devel-windows-x86_64

Version: 2.1.0
Check: installed package size
Result: NOTE
     installed size is 10.8Mb
     sub-directories of 1Mb or more:
     libs 10.3Mb
Flavors: r-release-macos-arm64, r-release-macos-x86_64, r-oldrel-macos-arm64, r-oldrel-macos-x86_64