CRAN Package Check Results for Package car

Last updated on 2020-09-29 15:47:30 CEST.

Flavor Version Tinstall Tcheck Ttotal Status Flags
r-devel-linux-x86_64-debian-clang 3.0-9 20.59 161.34 181.93 OK
r-devel-linux-x86_64-debian-gcc 3.0-9 19.51 107.20 126.71 ERROR
r-devel-linux-x86_64-fedora-clang 3.0-10 240.42 OK
r-devel-linux-x86_64-fedora-gcc 3.0-10 230.57 OK
r-devel-windows-ix86+x86_64 3.0-9 38.00 196.00 234.00 OK
r-patched-linux-x86_64 3.0-9 21.10 146.64 167.74 OK
r-patched-solaris-x86 3.0-10 262.30 OK
r-release-linux-x86_64 3.0-9 23.62 131.37 154.99 ERROR
r-release-macos-x86_64 3.0-9 OK
r-release-windows-ix86+x86_64 3.0-9 44.00 194.00 238.00 OK
r-oldrel-macos-x86_64 3.0-9 OK
r-oldrel-windows-ix86+x86_64 3.0-9 35.00 182.00 217.00 OK

Check Details

Version: 3.0-9
Check: examples
Result: ERROR
    Running examples in ‘car-Ex.R’ failed
    The error most likely occurred in:
    
    > base::assign(".ptime", proc.time(), pos = "CheckExEnv")
    > ### Name: ScatterplotSmoothers
    > ### Title: Smoothers to Draw Lines on Scatterplots
    > ### Aliases: ScatterplotSmoothers gamLine quantregLine loessLine
    > ### Keywords: hplot
    >
    > ### ** Examples
    >
    > scatterplot(prestige ~ income, data=Prestige)
    > scatterplot(prestige ~ income, data=Prestige, smooth=list(smoother=gamLine))
    > scatterplot(prestige ~ income, data=Prestige,
    + smooth=list(smoother=quantregLine))
    Error in eval(predvars, data, env) : object 'y' not found
    Calls: scatterplot ... eval -> model.frame -> model.frame.default -> eval -> eval
    Execution halted
Flavors: r-devel-linux-x86_64-debian-gcc, r-release-linux-x86_64