CRAN Package Check Results for Package captioner

Last updated on 2020-09-22 03:49:16 CEST.

Flavor Version Tinstall Tcheck Ttotal Status Flags
r-devel-linux-x86_64-debian-clang 2.2.3 2.09 20.92 23.01 OK
r-devel-linux-x86_64-debian-gcc 2.2.3 0.31 2.06 2.37 ERROR
r-devel-linux-x86_64-fedora-clang 2.2.3 37.44 OK
r-devel-linux-x86_64-fedora-gcc 2.2.3 29.30 OK
r-devel-windows-ix86+x86_64 2.2.3 5.00 34.00 39.00 OK
r-patched-linux-x86_64 2.2.3 2.09 20.70 22.79 OK
r-patched-solaris-x86 2.2.3 43.20 OK
r-release-linux-x86_64 2.2.3 2.18 20.70 22.88 OK
r-release-macos-x86_64 2.2.3 OK
r-release-windows-ix86+x86_64 2.2.3 5.00 32.00 37.00 OK
r-oldrel-macos-x86_64 2.2.3 OK
r-oldrel-windows-ix86+x86_64 2.2.3 3.00 37.00 40.00 OK

Check Details

Version: 2.2.3
Check: whether package can be installed
Result: ERROR
    Installation failed.
Flavor: r-devel-linux-x86_64-debian-gcc