CRAN Package Check Results for Package candisc

Last updated on 2022-08-15 03:52:43 CEST.

Flavor Version Tinstall Tcheck Ttotal Status Flags
r-devel-linux-x86_64-debian-clang 0.8-6 4.77 54.95 59.72 OK
r-devel-linux-x86_64-debian-gcc 0.8-6 3.84 41.66 45.50 OK
r-devel-linux-x86_64-fedora-clang 0.8-6 79.02 NOTE
r-devel-linux-x86_64-fedora-gcc 0.8-6 83.13 OK
r-devel-windows-x86_64 0.8-6 25.00 85.00 110.00 OK
r-patched-linux-x86_64 0.8-6 4.71 54.53 59.24 OK
r-release-linux-x86_64 0.8-6 4.79 52.06 56.85 OK
r-release-macos-arm64 0.8-6 25.00 OK
r-release-macos-x86_64 0.8-6 45.00 OK
r-release-windows-x86_64 0.8-6 23.00 91.00 114.00 OK
r-oldrel-macos-arm64 0.8-6 39.00 OK
r-oldrel-macos-x86_64 0.8-6 46.00 OK
r-oldrel-windows-ix86+x86_64 0.8-6 11.00 71.00 82.00 OK

Check Details

Version: 0.8-6
Check: Rd cross-references
Result: NOTE
    Undeclared packages ‘yacca’, ‘CCA’ in Rd xrefs
Flavor: r-devel-linux-x86_64-fedora-clang