Last updated on 2023-02-06 15:57:09 CET.
Flavor | Version | Tinstall | Tcheck | Ttotal | Status | Flags |
---|---|---|---|---|---|---|
r-devel-linux-x86_64-debian-clang | 3.1.8 | 3.38 | 47.77 | 51.15 | OK | |
r-devel-linux-x86_64-debian-gcc | 3.1.8 | 3.43 | 35.97 | 39.40 | OK | |
r-devel-linux-x86_64-fedora-clang | 3.1.8 | 65.95 | OK | |||
r-devel-linux-x86_64-fedora-gcc | 3.1.8 | 63.64 | OK | |||
r-devel-windows-x86_64 | 3.1.8 | 27.00 | 86.00 | 113.00 | OK | |
r-patched-linux-x86_64 | 3.1.8 | 3.85 | 46.65 | 50.50 | OK | |
r-release-linux-x86_64 | 3.1.8 | 4.01 | 47.15 | 51.16 | OK | |
r-release-macos-arm64 | 3.1.8 | 25.00 | NOTE | |||
r-release-macos-x86_64 | 3.1.8 | 33.00 | OK | |||
r-release-windows-x86_64 | 3.1.8 | 10.00 | 87.00 | 97.00 | OK | |
r-oldrel-macos-arm64 | 3.1.8 | 29.00 | NOTE | |||
r-oldrel-macos-x86_64 | 3.1.8 | 43.00 | OK | |||
r-oldrel-windows-ix86+x86_64 | 3.1.8 | 10.00 | 75.00 | 85.00 | OK |
Version: 3.1.8
Check: package dependencies
Result: NOTE
Packages suggested but not available for checking:
'GenomicRanges', 'IRanges', 'S4Vectors'
Flavor: r-release-macos-arm64
Version: 3.1.8
Check: Rd cross-references
Result: NOTE
Package unavailable to check Rd xrefs: ‘GenomicRanges’
Flavors: r-release-macos-arm64, r-oldrel-macos-arm64
Version: 3.1.8
Check: package dependencies
Result: NOTE
Package suggested but not available for checking: ‘GenomicRanges’
Flavor: r-oldrel-macos-arm64