Last updated on 2022-07-01 15:51:14 CEST.
Flavor | Version | Tinstall | Tcheck | Ttotal | Status | Flags |
---|---|---|---|---|---|---|
r-devel-linux-x86_64-debian-clang | 1.0.0 | 11.16 | 115.36 | 126.52 | NOTE | |
r-devel-linux-x86_64-debian-gcc | 1.0.0 | 9.33 | 86.54 | 95.87 | NOTE | |
r-devel-linux-x86_64-fedora-clang | 1.0.0 | 163.12 | NOTE | |||
r-devel-linux-x86_64-fedora-gcc | 1.0.0 | 160.33 | NOTE | |||
r-devel-windows-x86_64 | 1.0.0 | 34.00 | 135.00 | 169.00 | OK | |
r-patched-linux-x86_64 | 1.0.0 | 14.08 | 110.45 | 124.53 | NOTE | |
r-release-linux-x86_64 | 1.0.0 | 10.64 | 109.90 | 120.54 | NOTE | |
r-release-macos-arm64 | 1.0.0 | 42.00 | OK | |||
r-release-macos-x86_64 | 1.0.0 | 77.00 | OK | |||
r-release-windows-x86_64 | 1.0.0 | 22.00 | 133.00 | 155.00 | OK | |
r-oldrel-macos-arm64 | 1.0.0 | 79.00 | OK | |||
r-oldrel-macos-x86_64 | 1.0.0 | 121.00 | OK | |||
r-oldrel-windows-ix86+x86_64 | 1.0.0 | 29.00 | 127.00 | 156.00 | OK |
Version: 1.0.0
Check: for non-standard things in the check directory
Result: NOTE
Found the following files/directories:
'tmp.txt'
Flavors: r-devel-linux-x86_64-debian-clang, r-devel-linux-x86_64-debian-gcc, r-devel-linux-x86_64-fedora-clang, r-devel-linux-x86_64-fedora-gcc, r-patched-linux-x86_64, r-release-linux-x86_64